{"id":458,"date":"2016-07-09T22:54:10","date_gmt":"2016-07-09T22:54:10","guid":{"rendered":"http:\/\/segtotaltreinamentos.com.br\/Loja\/?page_id=458"},"modified":"2016-07-17T20:54:24","modified_gmt":"2016-07-17T20:54:24","slug":"politica-de-privacidade","status":"publish","type":"page","link":"https:\/\/segtotaltreinamentos.com.br\/Loja\/politica-de-privacidade\/","title":{"rendered":"Politica de privacidade"},"content":{"rendered":"<h2><\/h2>\n<h3 style=\"text-align: justify;\">O que fazemos com as suas informa\u00e7\u00f5es<\/h3>\n<ol style=\"text-align: justify;\">\n<li>O termo &#8220;informa\u00e7\u00f5es pessoais&#8221; usado aqui, \u00e9 definido como qualquer informa\u00e7\u00e3o que identifica ou pode ser usada para identificar, contatar ou localizar a pessoa, a quem tal informa\u00e7\u00e3o pertence. As informa\u00e7\u00f5es pessoais que coletamos estar\u00e1 sujeita a esta Pol\u00edtica de Privacidade, a qual \u00e9 alterada de tempos em tempos. Seus dados est\u00e3o seguros, pois eles somente ser\u00e3o usados para mandar as promo\u00e7\u00f5es da loja.<\/li>\n<li>Quando voc\u00ea se cadastra na\u00a0<span class=\"editable\" contenteditable=\"true\" data-placeholder=\"Nome\" data-content-id=\"name\">SEGTOTAL<\/span> pedimos o seu endere\u00e7o de e-mail.<\/li>\n<li>A\u00a0<span class=\"editable\" contenteditable=\"true\" data-placeholder=\"Nome\" data-content-id=\"name\">SEGTOTAL<\/span> utiliza as informa\u00e7\u00f5es que s\u00e3o coletadas para os seguintes prop\u00f3sitos gerais: fornecimento de produtos e servi\u00e7os, cobran\u00e7a, identifica\u00e7\u00e3o e autentica\u00e7\u00e3o, melhoria de servi\u00e7os, contato e pesquisa. Seus dados de endere\u00e7o, est\u00e3o seguros, pois somente ser\u00e3o usados na hora da entrega do produto e na hora do cadastro na loja .<\/li>\n<li>Como parte do processo de compra e venda na\u00a0<span class=\"editable\" contenteditable=\"true\" data-placeholder=\"Nome\" data-content-id=\"name\">SEGTOTAL<\/span>, voc\u00ea ir\u00e1 obter o endere\u00e7o de e-mail e\/ou endere\u00e7o de entrega de seus clientes. Ao aceitar nosso Acordo de Usu\u00e1rio, voc\u00ea concorda que, com respeito \u00e0s Informa\u00e7\u00f5es Pessoais de outros usu\u00e1rios que voc\u00ea obt\u00e9m atrav\u00e9s da\u00a0<span class=\"editable\" contenteditable=\"true\" data-placeholder=\"Nome\" data-content-id=\"name\">SEGTOTAL<\/span> ou atrav\u00e9s de uma comunica\u00e7\u00e3o relacionada da\u00a0<span class=\"editable\" contenteditable=\"true\" data-placeholder=\"Nome\" data-content-id=\"name\">SEGTOTAL<\/span> ou transa\u00e7\u00e3o facilitada \u00a0a\u00a0<span class=\"editable\" contenteditable=\"true\" data-placeholder=\"Nome\" data-content-id=\"name\">SEGTOTAL<\/span> concede a voc\u00ea uma licen\u00e7a para utilizar tais informa\u00e7\u00f5es apenas para comunica\u00e7\u00f5es relacionadas a\u00a0<span class=\"editable\" contenteditable=\"true\" data-placeholder=\"Nome\" data-content-id=\"name\">SEGTOTAL<\/span> que n\u00e3o sejam mensagens comerciais n\u00e3o solicitadas. A\u00a0<span class=\"editable\" contenteditable=\"true\" data-placeholder=\"Nome\" data-content-id=\"name\">SEGTOTAL<\/span> n\u00e3o tolera spam. Portanto, sem limitar o precedente, voc\u00ea n\u00e3o est\u00e1 licenciado a adicionar o nome de algu\u00e9m que tenha comprado um item seu, para sua lista de correio (e-mail ou correio f\u00edsico) sem que tenha consentimento expresso deles.<\/li>\n<\/ol>\n<blockquote>\n<h3>O QUE SIGNIFICA<\/h3>\n<p>Quando voc\u00ea se cadastra, voc\u00ea fornece informa\u00e7\u00f5es pessoais que coletamos e usamos. Para o processo de finaliza\u00e7\u00e3o de compra (check-out) tamb\u00e9m coletamos informa\u00e7\u00f5es do seu cart\u00e3o de cr\u00e9dito. Apenas use as informa\u00e7\u00f5es dos seus clientes da\u00a0<span class=\"editable\" contenteditable=\"true\" data-placeholder=\"Nome\" data-content-id=\"name\">SEGTOTAL<\/span> para comunica\u00e7\u00f5es relacionadas a\u00a0<span class=\"editable\" contenteditable=\"true\" data-placeholder=\"Nome\" data-content-id=\"name\">SEGTOTAL<\/span>, a menos que eles lhe permitam faz\u00ea-lo. N\u00e3o fa\u00e7a spam para ningu\u00e9m!<\/p><\/blockquote>\n<h3 style=\"text-align: justify;\">Seguran\u00e7a<\/h3>\n<p style=\"text-align: justify;\">A seguran\u00e7a de suas informa\u00e7\u00f5es pessoais \u00e9 importante para n\u00f3s. Quando voc\u00ea insere informa\u00e7\u00f5es confidenciais, tais como n\u00famero de cart\u00e3o de cr\u00e9dito em nosso formul\u00e1rio de inscri\u00e7\u00e3o, n\u00f3s criptografamos a transmiss\u00e3o dessas informa\u00e7\u00f5es usando a tecnologia Secure Socket Layer (SSL). Os dados do cart\u00e3o de cr\u00e9dito s\u00e3o armazenados e criptografados usando criptografia AES-256. Como um fornecedor de servi\u00e7os em conformidade com o PCI DSS N\u00edvel 1 seguimos todos os requisitos do PCI-DSS e implementamos padr\u00f5es adicionais geralmente aceitos da ind\u00fastria, para proteger a informa\u00e7\u00e3o pessoal que nos \u00e9 submetida, tanto durante a transmiss\u00e3o quanto assim que a recebemos. Nenhum m\u00e9todo de transmiss\u00e3o pela Internet, ou m\u00e9todo de armazenamento eletr\u00f4nico \u00e9 100% seguro. Portanto, enquanto nos esfor\u00e7amos para utilizar meios comercialmente aceit\u00e1veis para proteger suas informa\u00e7\u00f5es pessoais, n\u00e3o podemos garantir sua seguran\u00e7a absoluta. Se voc\u00ea tem d\u00favidas sobre a seguran\u00e7a em nosso Site, voc\u00ea pode enviar um e-mail para <span class=\"editable\" contenteditable=\"true\" data-placeholder=\"E-mail\" data-content-id=\"email\">segtotaltreinamentos@hotmail.com<\/span>.<\/p>\n<blockquote>\n<h3>O QUE SIGNIFICA<\/h3>\n<p>Vamos criptografar seu cart\u00e3o de cr\u00e9dito e informa\u00e7\u00f5es confidenciais nos padr\u00f5es da ind\u00fastria. Porque as coisas acontecem, n\u00f3s n\u00e3o podemos garantir 100% de seguran\u00e7a de seus dados. Se voc\u00ea tiver d\u00favidas envie um e-mail para <span class=\"editable\" contenteditable=\"true\" data-placeholder=\"E-mail\" data-content-id=\"email\">segtotaltreinamentos@hotmail.com<\/span><\/p><\/blockquote>\n<p style=\"text-align: justify;\">### Divulga\u00e7\u00e3o 1. <span class=\"editable\" contenteditable=\"true\" data-placeholder=\"Nome\" data-content-id=\"name\">SEGTOTAL<\/span> pode utilizar terceiros prestadores de servi\u00e7os para fornecer determinados servi\u00e7os para voc\u00ea e n\u00f3s podemos compartilhar informa\u00e7\u00f5es pessoais com esses prestadores de servi\u00e7os. Exigimos que qualquer empresa com a qual podemos compartilhar Informa\u00e7\u00f5es Pessoais, proteja os dados de uma forma consistente com essa pol\u00edtica, e limite o uso de tais Informa\u00e7\u00f5es Pessoais para o desempenho dos servi\u00e7os da\u00a0<span class=\"editable\" contenteditable=\"true\" data-placeholder=\"Nome\" data-content-id=\"name\">SEGTOTAL<\/span>. 2. S<span class=\"editable\" contenteditable=\"true\" data-placeholder=\"Nome\" data-content-id=\"name\">EGTOTAL<\/span> pode divulgar Informa\u00e7\u00f5es Pessoais em circunst\u00e2ncias especiais, como para cumprir ordens judiciais obrigando-nos a faz\u00ea-lo ou quando suas a\u00e7\u00f5es violam os Termos de Servi\u00e7o. 3. N\u00f3s n\u00e3o vendemos ou fornecemos Informa\u00e7\u00f5es Pessoais para outras empresas, para que elas fa\u00e7am o marketing dos seus pr\u00f3prios produtos ou servi\u00e7os.<\/p>\n<blockquote>\n<h3>O QUE SIGNIFICA<\/h3>\n<p>Em certas circunst\u00e2ncias, podemos divulgar suas informa\u00e7\u00f5es pessoais, como no caso de ordens judiciais.<\/p><\/blockquote>\n<h3 style=\"text-align: justify;\">Armazenamento de Dados do Cliente<\/h3>\n<p style=\"text-align: justify;\"><span class=\"editable\" contenteditable=\"true\" data-placeholder=\"Nome\" data-content-id=\"name\">SEGTOTAL<\/span> possui o armazenamento de dados, bancos de dados e todos os direitos da aplica\u00e7\u00e3o <span class=\"editable\" contenteditable=\"true\" data-placeholder=\"Nome\" data-content-id=\"name\">SEGTOTAL<\/span>, entretanto, n\u00e3o fazemos nenhuma reivindica\u00e7\u00e3o dos direitos dos seus dados. Voc\u00ea ret\u00e9m todos os direitos sobre os seus dados e n\u00f3s nunca entraremos em contato com seus clientes diretamente, ou usaremos seus dados para a nossa pr\u00f3pria vantagem comercial ou para competir com voc\u00ea, ou para divulgar para os seus clientes.<\/p>\n<blockquote>\n<h3>O QUE SIGNIFICA<\/h3>\n<p>Voc\u00ea possui seus dados e n\u00f3s vamos respeitar isso. N\u00e3o vamos tentar competir com voc\u00ea ou escrever para os seus clientes.<\/p><\/blockquote>\n<h3 style=\"text-align: justify;\">Cookies<\/h3>\n<p style=\"text-align: justify;\">Um cookie \u00e9 uma pequena quantidade de dados, que podem incluir um identificador \u00fanico an\u00f4nimo. Os cookies s\u00e3o enviados para o seu navegador a partir de um site da web e armazenado no disco r\u00edgido do seu computador. Para cada computador que acessa o nosso site \u00e9 atribu\u00eddo um cookie diferente por n\u00f3s.<\/p>\n<h3 style=\"text-align: justify;\">Google Analytics e Remarketing<\/h3>\n<p style=\"text-align: justify;\">N\u00f3s usamos um servi\u00e7o fornecido pelo Google chamado Google Analytics (GA). O GA nos permite alcan\u00e7ar as pessoas que j\u00e1 visitaram o nosso site, e mostrar-lhes an\u00fancios relevantes quando visitam outros sites na Internet da Rede de Display do Google. Isso \u00e9 chamado de &#8220;remarketing&#8221;.<\/p>\n<p style=\"text-align: justify;\">Os cookies podem ser usados para rastrear sua sess\u00e3o no nosso site, para veicular an\u00fancios personalizados do Google e de outros fornecedores terceiros. Quando voc\u00ea visita este site, voc\u00ea pode ver an\u00fancios publicados no site pelo Google ou outros terceiros. Atrav\u00e9s de nossos cookies e de cookies de terceiros, esses terceiros podem coletar informa\u00e7\u00f5es sobre voc\u00ea enquanto voc\u00ea estiver visitando esse site e outros sites. Eles podem usar esses dados para mostrar an\u00fancios nesse site e atrav\u00e9s da Internet, baseado em suas visitas anteriores a este site e a outros lugares na Internet. N\u00f3s n\u00e3o coletamos essas informa\u00e7\u00f5es ou controlamos o conte\u00fado dos an\u00fancios que voc\u00ea vai ver.<\/p>\n<h3 style=\"text-align: justify;\">Optando Por N\u00e3o Ver<\/h3>\n<p style=\"text-align: justify;\">Voc\u00ea pode ser capaz de optar por n\u00e3o ver an\u00fancios personalizados da Rede de Display do Google, visitando o Gerenciador de Prefer\u00eancias de An\u00fancios (<a href=\"http:\/\/www.google.%20com.br\/ads\/preferences\/\">http:\/\/www.google.com\/ads\/preferences\/<\/a>), e o Complemento do Navegador do Google Analytics Opt-out (<a href=\"http:\/\/www.google.ca\/ads\/preferences\/plugin\/\">http:\/\/www.google.ca\/ads\/preferences\/plugin\/<\/a>).<\/p>\n<p style=\"text-align: justify;\">O uso deste site sem &#8220;optar por n\u00e3o ver&#8221; significa que voc\u00ea entende e concorda com a coleta de dados para lhe fornecer an\u00fancios de remarketing usando o GA e os cookies de outros fornecedores terceiros baseados em suas visitas anteriores a este site e a outros lugares na Internet.<\/p>\n<blockquote>\n<h3>O QUE SIGNIFICA<\/h3>\n<p>Para identific\u00e1-lo eletronicamente, um cookie ser\u00e1 armazenado no seu computador. Temos uma ferramenta de &#8220;remarketing&#8221; executando que nos permite tomar nota das suas visitas ao nosso site e mostrar an\u00fancios relevantes no nosso site e em toda a Internet. Voc\u00ea pode sempre optar por n\u00e3o ver.<\/p><\/blockquote>\n<h3 style=\"text-align: justify;\">PCI-DSS<\/h3>\n<p style=\"text-align: justify;\">O Padr\u00e3o de Seguran\u00e7a de Dados da Ind\u00fastria de Pagamento com Cart\u00e3o (PCI-DSS) \u00e9 um conjunto de requisitos de seguran\u00e7a gerenciados pelo Conselho de Padr\u00f5es de Seguran\u00e7a PCI, um esfor\u00e7o conjunto das marcas de pagamento, incluindo Visa, MasterCard, American Express e Discover. Os requisitos do PCI-DSS ajudam a garantir a manipula\u00e7\u00e3o segura de informa\u00e7\u00f5es de cart\u00e3o de cr\u00e9dito pelos comerciantes e prestadores de servi\u00e7os.<\/p>\n<blockquote>\n<h3>O QUE SIGNIFICA<\/h3>\n<p>Usaremos os padr\u00f5es da ind\u00fastria sobre seguran\u00e7a, os mesmos utilizados pelas grandes empresas de cart\u00e3o de cr\u00e9dito, para ajudar voc\u00ea a manter uma conta segura na\u00a0<span class=\"editable\" contenteditable=\"true\" data-placeholder=\"Nome\" data-content-id=\"name\">SEGTOTAL<\/span>.<\/p><\/blockquote>\n<h3 style=\"text-align: justify;\">Altera\u00e7\u00f5es a esta Pol\u00edtica de Privacidade<\/h3>\n<p style=\"text-align: justify;\">Reservamos o direito de modificar esta declara\u00e7\u00e3o de privacidade a qualquer momento, portanto, revise-a frequentemente. Se fizermos altera\u00e7\u00f5es materiais a esta pol\u00edtica, iremos notific\u00e1-lo aqui ou por meio de um aviso em nossa homepage, de modo que voc\u00ea est\u00e1 ciente das informa\u00e7\u00f5es que coletamos, como as usamos, e sob quais circunst\u00e2ncias, se houver, as divulgamos .<\/p>\n<blockquote>\n<h3>O QUE SIGNIFICA<\/h3>\n<p>Podemos alterar esta Pol\u00edtica de Privacidade. Se for uma grande mudan\u00e7a, iremos inform\u00e1-lo, aqui.<\/p><\/blockquote>\n<h3 style=\"text-align: justify;\">Perguntas<\/h3>\n<p style=\"text-align: justify;\">Quaisquer d\u00favidas sobre esta Pol\u00edtica de Privacidade devem ser endere\u00e7adas a <span class=\"editable\" contenteditable=\"true\" data-placeholder=\"E-mail\" data-content-id=\"email\">segtotaltreinamentos@hotmail.com<\/span> ou por correio para:<\/p>\n<p style=\"text-align: justify;\"><span class=\"editable\" contenteditable=\"true\" data-placeholder=\"Endere\u00e7o\" data-content-id=\"address\">https:\/\/segtotaltreinamentos.com.br\/Loja\/<\/span><\/p>\n<hr \/>\n<p style=\"text-align: justify;\">\u00daltima Atualiza\u00e7\u00e3o em 17\/07\/2016<\/p>\n","protected":false},"excerpt":{"rendered":"<p>O que fazemos com as suas informa\u00e7\u00f5es O termo &#8220;informa\u00e7\u00f5es pessoais&#8221; usado aqui, \u00e9 definido como qualquer informa\u00e7\u00e3o que identifica&hellip;<\/p>\n","protected":false},"author":1,"featured_media":0,"parent":0,"menu_order":0,"comment_status":"closed","ping_status":"closed","template":"","meta":{"footnotes":""},"class_list":["post-458","page","type-page","status-publish","hentry"],"_links":{"self":[{"href":"https:\/\/segtotaltreinamentos.com.br\/Loja\/wp-json\/wp\/v2\/pages\/458","targetHints":{"allow":["GET"]}}],"collection":[{"href":"https:\/\/segtotaltreinamentos.com.br\/Loja\/wp-json\/wp\/v2\/pages"}],"about":[{"href":"https:\/\/segtotaltreinamentos.com.br\/Loja\/wp-json\/wp\/v2\/types\/page"}],"author":[{"embeddable":true,"href":"https:\/\/segtotaltreinamentos.com.br\/Loja\/wp-json\/wp\/v2\/users\/1"}],"replies":[{"embeddable":true,"href":"https:\/\/segtotaltreinamentos.com.br\/Loja\/wp-json\/wp\/v2\/comments?post=458"}],"version-history":[{"count":4,"href":"https:\/\/segtotaltreinamentos.com.br\/Loja\/wp-json\/wp\/v2\/pages\/458\/revisions"}],"predecessor-version":[{"id":525,"href":"https:\/\/segtotaltreinamentos.com.br\/Loja\/wp-json\/wp\/v2\/pages\/458\/revisions\/525"}],"wp:attachment":[{"href":"https:\/\/segtotaltreinamentos.com.br\/Loja\/wp-json\/wp\/v2\/media?parent=458"}],"curies":[{"name":"wp","href":"https:\/\/api.w.org\/{rel}","templated":true}]}}