{"id":1131,"date":"2016-07-24T13:09:13","date_gmt":"2016-07-24T13:09:13","guid":{"rendered":"http:\/\/segtotaltreinamentos.com.br\/Loja\/?post_type=product&#038;p=1131"},"modified":"2016-09-27T12:30:28","modified_gmt":"2016-09-27T12:30:28","slug":"luva-maxidry","status":"publish","type":"product","link":"https:\/\/segtotaltreinamentos.com.br\/Loja\/produto\/luva-maxidry\/","title":{"rendered":"Luva Maxidry"},"content":{"rendered":"<p><a href=\"https:\/\/segtotaltreinamentos.com.br\/Loja\/wp-content\/uploads\/2016\/07\/FT-LUVA-DANNY-MAXIDRY-CA16467-DA13200.pdf\">FT-LUVA-DANNY-MAXIDRY-CA16467-DA13200<\/a><\/p>\n","protected":false},"excerpt":{"rendered":"<div id=\"tit-prod\"><\/div>\n<div id=\"desc-prod\">\n<div id=\"corpo-desc-prod\"><b>Descri\u00e7\u00e3o<\/b><br \/>\nLuva de seguran\u00e7a tricotada em nylon e elastano, recoberta totalmente de nitrilo foam, palma antiderrapante.<\/div>\n<div id=\"corpo-van-prod\">\n<div id=\"txt-van-prod\">\n<p><b>Vantagens<\/b>Seu suporte t\u00eaxtil feito em nylon e seu revestimento em nitrilo oferecem alta resist\u00eancia mec\u00e2nica e alta destreza. A forma ergon\u00f4mica reduz a fadiga muscular e facilita a coloca\u00e7\u00e3o e retirada da luva. Excelente performance abrasiva. O tratamento Foam Oil imperme\u00e1vel permite o trabalho com \u00f3leos, graxas, \u00e1cidos, solvente e bases alco\u00f3is. Aten\u00e7\u00e3o: devido o dorso aberto, ao us\u00e1-la com qu\u00edmicos \u00e9 necess\u00e1ria a aplica\u00e7\u00e3o de creme de prote\u00e7\u00e3o. Resistente a in\u00fameras lavagens, o que aumenta a vida \u00fatil do equipamento.<\/p>\n<\/div>\n<\/div>\n<\/div>\n<div id=\"dados-prod\"><\/div>\n","protected":false},"featured_media":616,"comment_status":"open","ping_status":"closed","template":"","meta":[],"product_brand":[],"product_cat":[39,6,7],"product_tag":[],"class_list":{"0":"post-1131","1":"product","2":"type-product","3":"status-publish","4":"has-post-thumbnail","6":"product_cat-danny","7":"product_cat-luvas","8":"product_cat-luvas-anticorte","10":"first","11":"onbackorder","12":"taxable","13":"shipping-taxable","14":"purchasable","15":"product-type-simple"},"_links":{"self":[{"href":"https:\/\/segtotaltreinamentos.com.br\/Loja\/wp-json\/wp\/v2\/product\/1131","targetHints":{"allow":["GET"]}}],"collection":[{"href":"https:\/\/segtotaltreinamentos.com.br\/Loja\/wp-json\/wp\/v2\/product"}],"about":[{"href":"https:\/\/segtotaltreinamentos.com.br\/Loja\/wp-json\/wp\/v2\/types\/product"}],"replies":[{"embeddable":true,"href":"https:\/\/segtotaltreinamentos.com.br\/Loja\/wp-json\/wp\/v2\/comments?post=1131"}],"wp:featuredmedia":[{"embeddable":true,"href":"https:\/\/segtotaltreinamentos.com.br\/Loja\/wp-json\/wp\/v2\/media\/616"}],"wp:attachment":[{"href":"https:\/\/segtotaltreinamentos.com.br\/Loja\/wp-json\/wp\/v2\/media?parent=1131"}],"wp:term":[{"taxonomy":"product_brand","embeddable":true,"href":"https:\/\/segtotaltreinamentos.com.br\/Loja\/wp-json\/wp\/v2\/product_brand?post=1131"},{"taxonomy":"product_cat","embeddable":true,"href":"https:\/\/segtotaltreinamentos.com.br\/Loja\/wp-json\/wp\/v2\/product_cat?post=1131"},{"taxonomy":"product_tag","embeddable":true,"href":"https:\/\/segtotaltreinamentos.com.br\/Loja\/wp-json\/wp\/v2\/product_tag?post=1131"}],"curies":[{"name":"wp","href":"https:\/\/api.w.org\/{rel}","templated":true}]}}