{"id":1361,"date":"2016-07-24T19:08:46","date_gmt":"2016-07-24T19:08:46","guid":{"rendered":"http:\/\/segtotaltreinamentos.com.br\/Loja\/?post_type=product&#038;p=1361"},"modified":"2017-08-17T21:21:15","modified_gmt":"2017-08-17T21:21:15","slug":"oculos-de-protecao-tradicional-3","status":"publish","type":"product","link":"https:\/\/segtotaltreinamentos.com.br\/Loja\/produto\/oculos-de-protecao-tradicional-3\/","title":{"rendered":"\u00d3culos de Prote\u00e7\u00e3o Tradicional Condor"},"content":{"rendered":"<p><a href=\"https:\/\/segtotaltreinamentos.com.br\/Loja\/wp-content\/uploads\/2016\/07\/FT-OCULOS-DANNY-CONDOR-CA14992-DA14900.pdf\">FT-OCULOS-DANNY-CONDOR-CA14992-DA14900<\/a><\/p>\n","protected":false},"excerpt":{"rendered":"<div id=\"corpo-desc-prod\"><b>Descri\u00e7\u00e3o<\/b><br \/>\nLente em policarbonato \u00f3ptico, prote\u00e7\u00e3o lateral, haste com ajuste de comprimento e lentes com tratamento antirrisco.<\/div>\n<div id=\"corpo-van-prod\">\n<div id=\"txt-van-prod\">\n<p><b>Vantagens<\/b>\u00d3culos de seguran\u00e7a em policarbonato resistentes a impacto e choques f\u00edsicos de materiais s\u00f3lidos e l\u00edquidos como: fragmentos de madeira, ferro, respingos de produtos \u00e1cidos, c\u00e1usticos, entre outros. Visor curvo para prote\u00e7\u00e3o lateral. Arma\u00e7\u00e3o preta presa altamente resistente. Apoio nasal no pr\u00f3prio policarbonato para maior conforto no uso. Hastes tipo esp\u00e1tula com ajuste de comprimento para melhor conforto do usu\u00e1rio. Prote\u00e7\u00e3o contra raios UVA e UVB. Acompanha cord\u00e3o de seguran\u00e7a.<\/p>\n<\/div>\n<\/div>\n","protected":false},"featured_media":675,"comment_status":"open","ping_status":"closed","template":"","meta":[],"product_brand":[],"product_cat":[39,20],"product_tag":[],"class_list":{"0":"post-1361","1":"product","2":"type-product","3":"status-publish","4":"has-post-thumbnail","6":"product_cat-danny","7":"product_cat-oculos","9":"first","10":"onbackorder","11":"taxable","12":"shipping-taxable","13":"purchasable","14":"product-type-simple"},"_links":{"self":[{"href":"https:\/\/segtotaltreinamentos.com.br\/Loja\/wp-json\/wp\/v2\/product\/1361","targetHints":{"allow":["GET"]}}],"collection":[{"href":"https:\/\/segtotaltreinamentos.com.br\/Loja\/wp-json\/wp\/v2\/product"}],"about":[{"href":"https:\/\/segtotaltreinamentos.com.br\/Loja\/wp-json\/wp\/v2\/types\/product"}],"replies":[{"embeddable":true,"href":"https:\/\/segtotaltreinamentos.com.br\/Loja\/wp-json\/wp\/v2\/comments?post=1361"}],"wp:featuredmedia":[{"embeddable":true,"href":"https:\/\/segtotaltreinamentos.com.br\/Loja\/wp-json\/wp\/v2\/media\/675"}],"wp:attachment":[{"href":"https:\/\/segtotaltreinamentos.com.br\/Loja\/wp-json\/wp\/v2\/media?parent=1361"}],"wp:term":[{"taxonomy":"product_brand","embeddable":true,"href":"https:\/\/segtotaltreinamentos.com.br\/Loja\/wp-json\/wp\/v2\/product_brand?post=1361"},{"taxonomy":"product_cat","embeddable":true,"href":"https:\/\/segtotaltreinamentos.com.br\/Loja\/wp-json\/wp\/v2\/product_cat?post=1361"},{"taxonomy":"product_tag","embeddable":true,"href":"https:\/\/segtotaltreinamentos.com.br\/Loja\/wp-json\/wp\/v2\/product_tag?post=1361"}],"curies":[{"name":"wp","href":"https:\/\/api.w.org\/{rel}","templated":true}]}}