{"id":1668,"date":"2016-07-26T20:14:23","date_gmt":"2016-07-26T20:14:23","guid":{"rendered":"http:\/\/segtotaltreinamentos.com.br\/Loja\/?post_type=product&#038;p=1668"},"modified":"2016-08-02T16:55:37","modified_gmt":"2016-08-02T16:55:37","slug":"luva-couro-cano-curto-1u","status":"publish","type":"product","link":"https:\/\/segtotaltreinamentos.com.br\/Loja\/produto\/luva-couro-cano-curto-1u\/","title":{"rendered":"Luva Couro cano curto 1U"},"content":{"rendered":"<div class=\"lv_caption\">\n<p>Luva de seguran\u00e7a, de cinco dedos, com dorso fatiado, toda em couro raspa. Punho em 07cm em raspa. Refor\u00e7o interno na palma e dedos. Refor\u00e7o externo entre o dedo polegar e indicador. Tamanho \u00fanico. CA 5587. Varia\u00e7\u00f5es em refor\u00e7os nos dedos e palma.<\/p>\n<p>Luva para prote\u00e7\u00e3o das m\u00e3os e pulso, com maior prote\u00e7\u00e3o na palma e dedos contra agentes abrasivos e escoriantes utilizada em opera\u00e7\u00f5es de m\u00e9dia e pesada densidade que exijam pouco tato.<\/p>\n<\/div>\n","protected":false},"excerpt":{"rendered":"<p>Luva de seguran\u00e7a, de cinco dedos, com dorso fatiado, toda em couro raspa. Punho em 07cm em raspa. Refor\u00e7o interno&hellip;<\/p>\n","protected":false},"featured_media":1669,"comment_status":"open","ping_status":"closed","template":"","meta":[],"product_brand":[],"product_cat":[12,40],"product_tag":[],"class_list":{"0":"post-1668","1":"product","2":"type-product","3":"status-publish","4":"has-post-thumbnail","6":"product_cat-luvas-de-couro","7":"product_cat-luvas-koch","9":"first","10":"outofstock","11":"taxable","12":"shipping-taxable","13":"purchasable","14":"product-type-simple"},"_links":{"self":[{"href":"https:\/\/segtotaltreinamentos.com.br\/Loja\/wp-json\/wp\/v2\/product\/1668","targetHints":{"allow":["GET"]}}],"collection":[{"href":"https:\/\/segtotaltreinamentos.com.br\/Loja\/wp-json\/wp\/v2\/product"}],"about":[{"href":"https:\/\/segtotaltreinamentos.com.br\/Loja\/wp-json\/wp\/v2\/types\/product"}],"replies":[{"embeddable":true,"href":"https:\/\/segtotaltreinamentos.com.br\/Loja\/wp-json\/wp\/v2\/comments?post=1668"}],"wp:featuredmedia":[{"embeddable":true,"href":"https:\/\/segtotaltreinamentos.com.br\/Loja\/wp-json\/wp\/v2\/media\/1669"}],"wp:attachment":[{"href":"https:\/\/segtotaltreinamentos.com.br\/Loja\/wp-json\/wp\/v2\/media?parent=1668"}],"wp:term":[{"taxonomy":"product_brand","embeddable":true,"href":"https:\/\/segtotaltreinamentos.com.br\/Loja\/wp-json\/wp\/v2\/product_brand?post=1668"},{"taxonomy":"product_cat","embeddable":true,"href":"https:\/\/segtotaltreinamentos.com.br\/Loja\/wp-json\/wp\/v2\/product_cat?post=1668"},{"taxonomy":"product_tag","embeddable":true,"href":"https:\/\/segtotaltreinamentos.com.br\/Loja\/wp-json\/wp\/v2\/product_tag?post=1668"}],"curies":[{"name":"wp","href":"https:\/\/api.w.org\/{rel}","templated":true}]}}