{"id":2044,"date":"2016-07-30T18:29:02","date_gmt":"2016-07-30T18:29:02","guid":{"rendered":"http:\/\/segtotaltreinamentos.com.br\/Loja\/?post_type=product&#038;p=2044"},"modified":"2017-03-31T16:59:39","modified_gmt":"2017-03-31T16:59:39","slug":"filtro-pancake-multi-gases-p3-serie-7700","status":"publish","type":"product","link":"https:\/\/segtotaltreinamentos.com.br\/Loja\/produto\/filtro-pancake-multi-gases-p3-serie-7700\/","title":{"rendered":"Filtro Pancake Multi-gases P3 S\u00e9rie 7700"},"content":{"rendered":"","protected":false},"excerpt":{"rendered":"<p>Pancake\u00a0com al\u00edvio de odor:\u00a0Filtro\u00a0P3 para todas as part\u00edculas; com al\u00edvio de odor para n\u00edveis irritantes de vapores org\u00e2nicos, gases \u00e1cidos e oz\u00f4nio<br \/>\nFiltro\u00a0em formato\u00a0Pancake\u00a0(bolacha) com sistema de encaixe tipo rosca.<\/p>\n<table class=\"descricao-produto\">\n<tbody>\n<tr class=\"descricao-produto\">\n<th>Modelo<\/th>\n<th>75FFP100<\/th>\n<\/tr>\n<tr>\n<td class=\"titulo\">Marca<\/td>\n<td class=\"descricao\">HONEYWELL<\/td>\n<\/tr>\n<\/tbody>\n<\/table>\n","protected":false},"featured_media":2045,"comment_status":"open","ping_status":"closed","template":"","meta":[],"product_brand":[],"product_cat":[62,44,24],"product_tag":[],"class_list":{"0":"post-2044","1":"product","2":"type-product","3":"status-publish","4":"has-post-thumbnail","6":"product_cat-honeywell","7":"product_cat-reposicao","8":"product_cat-respirador","10":"first","11":"outofstock","12":"taxable","13":"shipping-taxable","14":"purchasable","15":"product-type-simple"},"_links":{"self":[{"href":"https:\/\/segtotaltreinamentos.com.br\/Loja\/wp-json\/wp\/v2\/product\/2044","targetHints":{"allow":["GET"]}}],"collection":[{"href":"https:\/\/segtotaltreinamentos.com.br\/Loja\/wp-json\/wp\/v2\/product"}],"about":[{"href":"https:\/\/segtotaltreinamentos.com.br\/Loja\/wp-json\/wp\/v2\/types\/product"}],"replies":[{"embeddable":true,"href":"https:\/\/segtotaltreinamentos.com.br\/Loja\/wp-json\/wp\/v2\/comments?post=2044"}],"wp:featuredmedia":[{"embeddable":true,"href":"https:\/\/segtotaltreinamentos.com.br\/Loja\/wp-json\/wp\/v2\/media\/2045"}],"wp:attachment":[{"href":"https:\/\/segtotaltreinamentos.com.br\/Loja\/wp-json\/wp\/v2\/media?parent=2044"}],"wp:term":[{"taxonomy":"product_brand","embeddable":true,"href":"https:\/\/segtotaltreinamentos.com.br\/Loja\/wp-json\/wp\/v2\/product_brand?post=2044"},{"taxonomy":"product_cat","embeddable":true,"href":"https:\/\/segtotaltreinamentos.com.br\/Loja\/wp-json\/wp\/v2\/product_cat?post=2044"},{"taxonomy":"product_tag","embeddable":true,"href":"https:\/\/segtotaltreinamentos.com.br\/Loja\/wp-json\/wp\/v2\/product_tag?post=2044"}],"curies":[{"name":"wp","href":"https:\/\/api.w.org\/{rel}","templated":true}]}}