{"id":2174,"date":"2016-08-08T22:49:04","date_gmt":"2016-08-08T22:49:04","guid":{"rendered":"http:\/\/segtotaltreinamentos.com.br\/Loja\/?post_type=product&#038;p=2174"},"modified":"2016-09-09T12:21:51","modified_gmt":"2016-09-09T12:21:51","slug":"luva-de-vaqueta-cano-curto","status":"publish","type":"product","link":"https:\/\/segtotaltreinamentos.com.br\/Loja\/produto\/luva-de-vaqueta-cano-curto\/","title":{"rendered":"Luva de Vaqueta Cano curto"},"content":{"rendered":"","protected":false},"excerpt":{"rendered":"<div class=\"lv_title\">Luva 31I<\/div>\n<div class=\"lv_caption\">\n<p>Luva de seguran\u00e7a, de cinco dedos, confeccionada em couro vaqueta instrumentista na palma e dorso. Refor\u00e7o externo entre o dedo polegar e indicador. Possui el\u00e1stico no dorso para um melhor ajuste. \u00a0Op\u00e7\u00e3o de tamanhos P,M,G,GG. CA 9455<\/p>\n<p>Para prote\u00e7\u00e3o das m\u00e3os e pulso, contra agentes abrasivos e escoriantes utilizada em opera\u00e7\u00f5es de leve densidade que exijam muito tato e muito conforto.<\/p>\n<\/div>\n","protected":false},"featured_media":2175,"comment_status":"open","ping_status":"closed","template":"","meta":[],"product_brand":[],"product_cat":[6,12,40],"product_tag":[],"class_list":{"0":"post-2174","1":"product","2":"type-product","3":"status-publish","4":"has-post-thumbnail","6":"product_cat-luvas","7":"product_cat-luvas-de-couro","8":"product_cat-luvas-koch","10":"first","11":"outofstock","12":"taxable","13":"shipping-taxable","14":"product-type-simple"},"_links":{"self":[{"href":"https:\/\/segtotaltreinamentos.com.br\/Loja\/wp-json\/wp\/v2\/product\/2174","targetHints":{"allow":["GET"]}}],"collection":[{"href":"https:\/\/segtotaltreinamentos.com.br\/Loja\/wp-json\/wp\/v2\/product"}],"about":[{"href":"https:\/\/segtotaltreinamentos.com.br\/Loja\/wp-json\/wp\/v2\/types\/product"}],"replies":[{"embeddable":true,"href":"https:\/\/segtotaltreinamentos.com.br\/Loja\/wp-json\/wp\/v2\/comments?post=2174"}],"wp:featuredmedia":[{"embeddable":true,"href":"https:\/\/segtotaltreinamentos.com.br\/Loja\/wp-json\/wp\/v2\/media\/2175"}],"wp:attachment":[{"href":"https:\/\/segtotaltreinamentos.com.br\/Loja\/wp-json\/wp\/v2\/media?parent=2174"}],"wp:term":[{"taxonomy":"product_brand","embeddable":true,"href":"https:\/\/segtotaltreinamentos.com.br\/Loja\/wp-json\/wp\/v2\/product_brand?post=2174"},{"taxonomy":"product_cat","embeddable":true,"href":"https:\/\/segtotaltreinamentos.com.br\/Loja\/wp-json\/wp\/v2\/product_cat?post=2174"},{"taxonomy":"product_tag","embeddable":true,"href":"https:\/\/segtotaltreinamentos.com.br\/Loja\/wp-json\/wp\/v2\/product_tag?post=2174"}],"curies":[{"name":"wp","href":"https:\/\/api.w.org\/{rel}","templated":true}]}}