{"id":2239,"date":"2016-08-10T12:32:25","date_gmt":"2016-08-10T12:32:25","guid":{"rendered":"http:\/\/segtotaltreinamentos.com.br\/Loja\/?post_type=product&#038;p=2239"},"modified":"2016-08-11T20:58:29","modified_gmt":"2016-08-11T20:58:29","slug":"luva-clute-dorso-fatiado-raspa-reforco-total-na-palma-externo-punho-20cm-com-linha-kevlar-tamanho-unico","status":"publish","type":"product","link":"https:\/\/segtotaltreinamentos.com.br\/Loja\/produto\/luva-clute-dorso-fatiado-raspa-reforco-total-na-palma-externo-punho-20cm-com-linha-kevlar-tamanho-unico\/","title":{"rendered":"Luva Clute (dorso fatiado), Raspa, refor\u00e7o total na palma externo, punho 20cm. Com linha Kevlar. Tamanho \u00fanico ( Imagem Ilustrativa )"},"content":{"rendered":"<p>Luva Clute (dorso fatiado), Raspa, refor\u00e7o total na palma externo, punho 20cm. Com linha Kevlar. Tamanho \u00fanico<\/p>\n","protected":false},"excerpt":{"rendered":"<p>Luva Clute (dorso fatiado), Raspa, refor\u00e7o total na palma externo, punho 20cm. Com linha Kevlar. Tamanho \u00fanico<\/p>\n","protected":false},"featured_media":2240,"comment_status":"open","ping_status":"closed","template":"","meta":[],"product_brand":[],"product_cat":[6,12,40],"product_tag":[],"class_list":{"0":"post-2239","1":"product","2":"type-product","3":"status-publish","4":"has-post-thumbnail","6":"product_cat-luvas","7":"product_cat-luvas-de-couro","8":"product_cat-luvas-koch","10":"first","11":"outofstock","12":"taxable","13":"shipping-taxable","14":"purchasable","15":"product-type-simple"},"_links":{"self":[{"href":"https:\/\/segtotaltreinamentos.com.br\/Loja\/wp-json\/wp\/v2\/product\/2239","targetHints":{"allow":["GET"]}}],"collection":[{"href":"https:\/\/segtotaltreinamentos.com.br\/Loja\/wp-json\/wp\/v2\/product"}],"about":[{"href":"https:\/\/segtotaltreinamentos.com.br\/Loja\/wp-json\/wp\/v2\/types\/product"}],"replies":[{"embeddable":true,"href":"https:\/\/segtotaltreinamentos.com.br\/Loja\/wp-json\/wp\/v2\/comments?post=2239"}],"wp:featuredmedia":[{"embeddable":true,"href":"https:\/\/segtotaltreinamentos.com.br\/Loja\/wp-json\/wp\/v2\/media\/2240"}],"wp:attachment":[{"href":"https:\/\/segtotaltreinamentos.com.br\/Loja\/wp-json\/wp\/v2\/media?parent=2239"}],"wp:term":[{"taxonomy":"product_brand","embeddable":true,"href":"https:\/\/segtotaltreinamentos.com.br\/Loja\/wp-json\/wp\/v2\/product_brand?post=2239"},{"taxonomy":"product_cat","embeddable":true,"href":"https:\/\/segtotaltreinamentos.com.br\/Loja\/wp-json\/wp\/v2\/product_cat?post=2239"},{"taxonomy":"product_tag","embeddable":true,"href":"https:\/\/segtotaltreinamentos.com.br\/Loja\/wp-json\/wp\/v2\/product_tag?post=2239"}],"curies":[{"name":"wp","href":"https:\/\/api.w.org\/{rel}","templated":true}]}}