{"id":24557,"date":"2019-10-12T15:38:42","date_gmt":"2019-10-12T15:38:42","guid":{"rendered":"http:\/\/segtotaltreinamentos.com.br\/Loja\/?post_type=product&#038;p=24557"},"modified":"2019-10-12T15:47:25","modified_gmt":"2019-10-12T15:47:25","slug":"descensor-flow-d07","status":"publish","type":"product","link":"https:\/\/segtotaltreinamentos.com.br\/Loja\/produto\/descensor-flow-d07\/","title":{"rendered":"Descensor FLOW D07"},"content":{"rendered":"<p><a href=\"https:\/\/segtotaltreinamentos.com.br\/Loja\/wp-content\/uploads\/2019\/10\/flow-declaration-of-conformity-2-pdf_1547837006.pdf\">flow-declaration-of-conformity-2-pdf_1547837006<\/a><\/p>\n<p><a href=\"https:\/\/segtotaltreinamentos.com.br\/Loja\/wp-content\/uploads\/2019\/10\/flow-additional-applications-and-information-final-10-05-2019-curvas-pdf_1562077452.pdf\">flow-additional-applications-and-information-final-10-05-2019-curvas-pdf_1562077452<\/a><\/p>\n<p><a href=\"https:\/\/segtotaltreinamentos.com.br\/Loja\/wp-content\/uploads\/2019\/10\/english-manual-flow-2019-version-ap-gl-001-aba-web-pdf_1555093062.pdf\">english-manual-flow-2019-version-ap-gl-001-aba-web-pdf_1555093062<\/a><\/p>\n<p><a href=\"https:\/\/segtotaltreinamentos.com.br\/Loja\/wp-content\/uploads\/2019\/10\/manual-portugues-flow-2019-version-ap-gl-001-aba-web-pdf_1555092486.pdf\">manual-portugues-flow-2019-version-ap-gl-001-aba-web-pdf_1555092486<\/a><\/p>\n","protected":false},"excerpt":{"rendered":"<h6>D07<\/h6>\n<p>O Descensor<strong>\u00a0FLOW D07\u00a0<\/strong>\u00e9 um aparelho autoblocante, pr\u00e1tico e eficiente para descidas controladas. O modelo\u00a0<strong>D07<\/strong>\u00a0foi pensado para\u00a0ser usado por militares e opera\u00e7\u00f5es de resgate. No\u00a0modelo\u00a0<strong>D07<\/strong>\u00a0n\u00e3o esta disponivel o dispositivo anti-p\u00e2nico existente no modelo\u00a0<strong>D05<\/strong>, que aumenta ainda mais a seguran\u00e7a de pessoas inexperientes.<\/p>\n<p>\u00c9\u00a0fabricado em Alum\u00ednio, A\u00e7o Inox e componentes em Poliamida de alta resist\u00eancia, e testado em conformidade com as normas EN12841: 2006 Tipo C, EN341: Tipo 2 &#8211; Classe A, para cargas de at\u00e9 200 Kg e descidas cont\u00ednuas de at\u00e9 200 metros.<\/p>\n<p>Pode ser utilizado em diversas atividades como: Acesso por cordas, Sistemas de resgate por cordas, trabalho em altura e atividades esportivas como rappel, descida controlda em cachoeiras e ravinas.<\/p>\n<h4 class=\"tituloEspecs\">Especifica\u00e7\u00f5es<\/h4>\n<p>Modelo: D07<\/p>\n<p>Cor: Vermelho<\/p>\n<p><strong>N\u00e3o oferece sistema anti p\u00e2nico<\/strong><\/p>\n<p>Materiais: Aluminio, A\u00e7o Inox, Poliamida<\/p>\n<p>Certifica\u00e7\u00e3o: EN12841: 2006 Type C, EN 341: 2011 Type 2 &#8211; Class A<\/p>\n<p>Peso: 515 \/ 17,5 oz<\/p>\n","protected":false},"featured_media":24558,"comment_status":"open","ping_status":"closed","template":"","meta":[],"product_brand":[],"product_cat":[146,138,32],"product_tag":[],"class_list":{"0":"post-24557","1":"product","2":"type-product","3":"status-publish","4":"has-post-thumbnail","6":"product_cat-descensores","7":"product_cat-stec","8":"product_cat-trabalho-em-altura","10":"first","11":"onbackorder","12":"taxable","13":"shipping-taxable","14":"purchasable","15":"product-type-simple"},"_links":{"self":[{"href":"https:\/\/segtotaltreinamentos.com.br\/Loja\/wp-json\/wp\/v2\/product\/24557","targetHints":{"allow":["GET"]}}],"collection":[{"href":"https:\/\/segtotaltreinamentos.com.br\/Loja\/wp-json\/wp\/v2\/product"}],"about":[{"href":"https:\/\/segtotaltreinamentos.com.br\/Loja\/wp-json\/wp\/v2\/types\/product"}],"replies":[{"embeddable":true,"href":"https:\/\/segtotaltreinamentos.com.br\/Loja\/wp-json\/wp\/v2\/comments?post=24557"}],"wp:featuredmedia":[{"embeddable":true,"href":"https:\/\/segtotaltreinamentos.com.br\/Loja\/wp-json\/wp\/v2\/media\/24558"}],"wp:attachment":[{"href":"https:\/\/segtotaltreinamentos.com.br\/Loja\/wp-json\/wp\/v2\/media?parent=24557"}],"wp:term":[{"taxonomy":"product_brand","embeddable":true,"href":"https:\/\/segtotaltreinamentos.com.br\/Loja\/wp-json\/wp\/v2\/product_brand?post=24557"},{"taxonomy":"product_cat","embeddable":true,"href":"https:\/\/segtotaltreinamentos.com.br\/Loja\/wp-json\/wp\/v2\/product_cat?post=24557"},{"taxonomy":"product_tag","embeddable":true,"href":"https:\/\/segtotaltreinamentos.com.br\/Loja\/wp-json\/wp\/v2\/product_tag?post=24557"}],"curies":[{"name":"wp","href":"https:\/\/api.w.org\/{rel}","templated":true}]}}