{"id":24575,"date":"2019-10-12T21:30:33","date_gmt":"2019-10-12T21:30:33","guid":{"rendered":"http:\/\/segtotaltreinamentos.com.br\/Loja\/?post_type=product&#038;p=24575"},"modified":"2019-11-16T12:42:42","modified_gmt":"2019-11-16T12:42:42","slug":"touca-tnt-clipada-codigo-25-35-012-06","status":"publish","type":"product","link":"https:\/\/segtotaltreinamentos.com.br\/Loja\/produto\/touca-tnt-clipada-codigo-25-35-012-06\/","title":{"rendered":"TOUCA TNT CLIPADA C\u00d3DIGO: 25.35.012.06"},"content":{"rendered":"<p><a href=\"https:\/\/segtotaltreinamentos.com.br\/Loja\/wp-content\/uploads\/2019\/10\/toucas-da-volk.pdf\">toucas da volk<\/a><\/p>\n","protected":false},"excerpt":{"rendered":"<h3>DESCRI\u00c7\u00c3O<\/h3>\n<p>Touca confeccionada em TNT (Tecido N\u00e3o Tecido) clipada, sanfonada<br \/>\nTamanho 21&#8243;<br \/>\nREGISTRO ANVISA 80189110015<\/p>\n<hr \/>\n<h4 style=\"box-sizing: border-box; font-family: Montserrat, sans-serif; font-weight: 500; line-height: 1.1; color: #155977; margin: 0px 0px 30px; font-size: 18px; -webkit-font-smoothing: antialiased; outline: none; text-transform: uppercase; padding: 0px 0px 0px 30px; background: url('..\/..\/img\/layout\/bg-h4.png') left center no-repeat #ffffff; font-style: normal; font-variant-ligatures: normal; font-variant-caps: normal; letter-spacing: normal; orphans: 2; text-align: start; text-indent: 0px; white-space: normal; widows: 2; word-spacing: 0px; -webkit-text-stroke-width: 0px; text-decoration-style: initial; text-decoration-color: initial;\">ESPECIFICA\u00c7\u00d5ES<\/h4>\n<p><strong>Tamanhos:\u00a0<\/strong>\u00danico &#8211; com 21&#8243;.<br \/>\n<strong>Uso:\u00a0<\/strong>Descart\u00e1vel<br \/>\n<strong>Material Suporte:\u00a0<\/strong>TNT (Tecido N\u00e3o Tecido)<br \/>\n<strong>Embalagem:\u00a0<\/strong>Pacote com 100 unid, Caixa com 10 pacotes.<\/p>\n<hr \/>\n<h4 style=\"box-sizing: border-box; font-family: Montserrat, sans-serif; font-weight: 500; line-height: 1.1; color: #155977; margin: 0px 0px 30px; font-size: 18px; -webkit-font-smoothing: antialiased; outline: none; text-transform: uppercase; padding: 0px 0px 0px 30px; background: url('..\/..\/img\/layout\/bg-h4.png') left center no-repeat #ffffff; font-style: normal; font-variant-ligatures: normal; font-variant-caps: normal; letter-spacing: normal; orphans: 2; text-align: start; text-indent: 0px; white-space: normal; widows: 2; word-spacing: 0px; -webkit-text-stroke-width: 0px; text-decoration-style: initial; text-decoration-color: initial;\">APLICA\u00c7\u00d5ES<\/h4>\n<p>Indicadas para prote\u00e7\u00e3o da cabe\u00e7a do trabalhador, a fim de evitar a queda de fios de cabelos nos produtos, pacientes e\/ou m\u00e1quinas que possam colocar o trabalhador em perigo. Ideal para uso em hospitais, cl\u00ednicas, consult\u00f3rios m\u00e9dicos e\/ou odontol\u00f3gicos, tratamento est\u00e9tico, atividades onde seja necess\u00e1rio prote\u00e7\u00e3o do produto como em processamento de carnes in natura, massas, chocolates, castanha e outros alimentos. An\u00e1lise de qualidade,\u00a0entre outros.<\/p>\n<hr \/>\n<h4 style=\"box-sizing: border-box; font-family: Montserrat, sans-serif; font-weight: 500; line-height: 1.1; color: #155977; margin: 0px 0px 30px; font-size: 18px; -webkit-font-smoothing: antialiased; outline: none; text-transform: uppercase; padding: 0px 0px 0px 30px; background: url('..\/..\/img\/layout\/bg-h4.png') left center no-repeat #ffffff; font-style: normal; font-variant-ligatures: normal; font-variant-caps: normal; letter-spacing: normal; orphans: 2; text-align: start; text-indent: 0px; white-space: normal; widows: 2; word-spacing: 0px; -webkit-text-stroke-width: 0px; text-decoration-style: initial; text-decoration-color: initial;\">POTENCIAIS CLIENTES<\/h4>\n<p>Hospitais, cl\u00ednicas, consult\u00f3rios m\u00e9dicos e\/ou odontol\u00f3gicos, cl\u00ednicas de est\u00e9tica e beleza, ind\u00fastria aliment\u00edcia, restaurantes e food service, \u00f3tica, ind\u00fastria gr\u00e1fica e outros.<\/p>\n","protected":false},"featured_media":24576,"comment_status":"open","ping_status":"closed","template":"","meta":[],"product_brand":[],"product_cat":[76,86],"product_tag":[],"class_list":{"0":"post-24575","1":"product","2":"type-product","3":"status-publish","4":"has-post-thumbnail","6":"product_cat-vestimenta-de-protecao","7":"product_cat-volk","9":"first","10":"onbackorder","11":"taxable","12":"shipping-taxable","13":"purchasable","14":"product-type-simple"},"_links":{"self":[{"href":"https:\/\/segtotaltreinamentos.com.br\/Loja\/wp-json\/wp\/v2\/product\/24575","targetHints":{"allow":["GET"]}}],"collection":[{"href":"https:\/\/segtotaltreinamentos.com.br\/Loja\/wp-json\/wp\/v2\/product"}],"about":[{"href":"https:\/\/segtotaltreinamentos.com.br\/Loja\/wp-json\/wp\/v2\/types\/product"}],"replies":[{"embeddable":true,"href":"https:\/\/segtotaltreinamentos.com.br\/Loja\/wp-json\/wp\/v2\/comments?post=24575"}],"wp:featuredmedia":[{"embeddable":true,"href":"https:\/\/segtotaltreinamentos.com.br\/Loja\/wp-json\/wp\/v2\/media\/24576"}],"wp:attachment":[{"href":"https:\/\/segtotaltreinamentos.com.br\/Loja\/wp-json\/wp\/v2\/media?parent=24575"}],"wp:term":[{"taxonomy":"product_brand","embeddable":true,"href":"https:\/\/segtotaltreinamentos.com.br\/Loja\/wp-json\/wp\/v2\/product_brand?post=24575"},{"taxonomy":"product_cat","embeddable":true,"href":"https:\/\/segtotaltreinamentos.com.br\/Loja\/wp-json\/wp\/v2\/product_cat?post=24575"},{"taxonomy":"product_tag","embeddable":true,"href":"https:\/\/segtotaltreinamentos.com.br\/Loja\/wp-json\/wp\/v2\/product_tag?post=24575"}],"curies":[{"name":"wp","href":"https:\/\/api.w.org\/{rel}","templated":true}]}}