{"id":2598,"date":"2016-08-24T17:46:47","date_gmt":"2016-08-24T17:46:47","guid":{"rendered":"http:\/\/segtotaltreinamentos.com.br\/Loja\/?post_type=product&#038;p=2598"},"modified":"2016-08-24T17:46:47","modified_gmt":"2016-08-24T17:46:47","slug":"avental-frontal-tipo-barbeiro-dupont-tychem-qc","status":"publish","type":"product","link":"https:\/\/segtotaltreinamentos.com.br\/Loja\/produto\/avental-frontal-tipo-barbeiro-dupont-tychem-qc\/","title":{"rendered":"AVENTAL FRONTAL TIPO BARBEIRO DUPONT\u2122 TYCHEM\u00ae QC"},"content":{"rendered":"<p><strong>30.3214 \u2013 QC276S \u2013 AVENTAL FRONTAL TIPO BARBEIRO DUPONT\u2122 TYCHEM\u00ae QC<\/strong><\/p>\n","protected":false},"excerpt":{"rendered":"<p>Confeccionado em fibras cont\u00ednuas 100% de polietileno de alta densidade, com aplica\u00e7\u00e3o de polietileno sobre o n\u00e3o tecido, apresentando gramatura 84g\/m\u00b2 ou 2,5 oz\/yd\u00b2.<\/p>\n<ul>\n<li>El\u00e1stico nos punhos e na cintura;<\/li>\n<li>Al\u00e7as para ajuste na cintura;<\/li>\n<li>Costura Simples;<\/li>\n<li>Al\u00e7a na cintura: 105 cm;<\/li>\n<li>El\u00e1stico no punho: 9 cm.<\/li>\n<\/ul>\n<p><strong>Grade de tamanho:<\/strong> \u00daNICO<\/p>\n<p><strong>C.A.:<\/strong><strong> 34.150<\/strong><\/p>\n<p><strong>Cor:<\/strong> Amarelo<\/p>\n","protected":false},"featured_media":2599,"comment_status":"open","ping_status":"closed","template":"","meta":[],"product_brand":[],"product_cat":[77,76],"product_tag":[],"class_list":{"0":"post-2598","1":"product","2":"type-product","3":"status-publish","4":"has-post-thumbnail","6":"product_cat-dupont","7":"product_cat-vestimenta-de-protecao","9":"first","10":"outofstock","11":"taxable","12":"shipping-taxable","13":"purchasable","14":"product-type-simple"},"_links":{"self":[{"href":"https:\/\/segtotaltreinamentos.com.br\/Loja\/wp-json\/wp\/v2\/product\/2598","targetHints":{"allow":["GET"]}}],"collection":[{"href":"https:\/\/segtotaltreinamentos.com.br\/Loja\/wp-json\/wp\/v2\/product"}],"about":[{"href":"https:\/\/segtotaltreinamentos.com.br\/Loja\/wp-json\/wp\/v2\/types\/product"}],"replies":[{"embeddable":true,"href":"https:\/\/segtotaltreinamentos.com.br\/Loja\/wp-json\/wp\/v2\/comments?post=2598"}],"wp:featuredmedia":[{"embeddable":true,"href":"https:\/\/segtotaltreinamentos.com.br\/Loja\/wp-json\/wp\/v2\/media\/2599"}],"wp:attachment":[{"href":"https:\/\/segtotaltreinamentos.com.br\/Loja\/wp-json\/wp\/v2\/media?parent=2598"}],"wp:term":[{"taxonomy":"product_brand","embeddable":true,"href":"https:\/\/segtotaltreinamentos.com.br\/Loja\/wp-json\/wp\/v2\/product_brand?post=2598"},{"taxonomy":"product_cat","embeddable":true,"href":"https:\/\/segtotaltreinamentos.com.br\/Loja\/wp-json\/wp\/v2\/product_cat?post=2598"},{"taxonomy":"product_tag","embeddable":true,"href":"https:\/\/segtotaltreinamentos.com.br\/Loja\/wp-json\/wp\/v2\/product_tag?post=2598"}],"curies":[{"name":"wp","href":"https:\/\/api.w.org\/{rel}","templated":true}]}}