{"id":2618,"date":"2016-08-27T13:13:43","date_gmt":"2016-08-27T13:13:43","guid":{"rendered":"http:\/\/segtotaltreinamentos.com.br\/Loja\/?post_type=product&#038;p=2618"},"modified":"2016-09-15T19:57:20","modified_gmt":"2016-09-15T19:57:20","slug":"luva-latex-verniz-silver-volk-plus-verde","status":"publish","type":"product","link":"https:\/\/segtotaltreinamentos.com.br\/Loja\/produto\/luva-latex-verniz-silver-volk-plus-verde\/","title":{"rendered":"Luva L\u00e1tex Verniz Silver Volk Plus Verde"},"content":{"rendered":"<p><a href=\"https:\/\/segtotaltreinamentos.com.br\/Loja\/wp-content\/uploads\/2016\/08\/11-10022016170914.pdf\">11-10022016170914<\/a><\/p>\n<p><a href=\"https:\/\/segtotaltreinamentos.com.br\/Loja\/wp-content\/uploads\/2016\/08\/35-10022016170914.pdf\">35-10022016170914<\/a><\/p>\n","protected":false},"excerpt":{"rendered":"<h3>Descri\u00e7\u00e3o<\/h3>\n<p>Luva de seguran\u00e7a confeccionada em borracha natural e borracha nitr\u00edlica, revestimento interno de verniz silver, superf\u00edcie externa antiderrapante na palma, dedos, face dorsal e punho.<\/p>\n<h4>Especifica\u00e7\u00f5es<\/h4>\n<p><strong>CA: <\/strong>16780<br \/>\n<strong>Comprimento: <\/strong>30cm<br \/>\n<strong>Tamanhos: <\/strong>7(P) 8 (M) 9 (G) 10 (EG)<br \/>\nEspessura:\u00a00,45mm<br \/>\n<strong>Uso: <\/strong>Reutiliz\u00e1vel<br \/>\n<strong>Formato: <\/strong>Anat\u00f4mico<br \/>\n<strong>Estrutura: <\/strong>Sem Suporte T\u00eaxtil<br \/>\n<strong>Acabamento interno: <\/strong>Verniz Silver<br \/>\n<strong>Punho: <\/strong>Picotado<br \/>\n<strong>Embalagem: <\/strong>Pacote com 12 pares, Caixa com 144 pares<br \/>\n<strong>Grip: <\/strong>Diamante<\/p>\n<h4>Vantagens e benef\u00edcios<\/h4>\n<p><strong>FLEXIBILIDADE e EL\u00c1STICIDADE<\/strong> &#8211; Confeccionada em l\u00e1tex<\/p>\n<p><strong>HIPOALERG\u00caNICA<\/strong>\u00a0&#8211; Forro verniz silver que diminui\u00a0os riscos de rea\u00e7\u00f5es al\u00e9rgicas ao l\u00e1tex<\/p>\n<p><strong>F\u00c1CIL HIGIENIZA\u00c7\u00c3O E SECAGEM<\/strong> &#8211; Facilidade\u00a0de higieniza\u00e7\u00e3o e secagem<\/p>\n<p><strong>ANTIDERRAPANTE<\/strong>\u00a0&#8211;\u00a0Acabamento em formato diamante, permite o bom fluxo de l\u00edquidos evitando que os mesmos acumulem na superf\u00edcie da luva para uma \u00f3tima ader\u00eancia<\/p>\n<p><strong>\u00d3TIMA RESIST\u00caNCIA E DURABILIDADE<\/strong> &#8211; Confecionada em borracha natural e borracha nitr\u00edlica<\/p>\n<p><strong>FORMATO ANAT\u00d4MICO<\/strong> &#8211;\u00a0Redu\u00e7\u00e3o da fadiga muscular<\/p>\n<p><strong>OP\u00c7\u00d5ES DE CORES<\/strong> &#8211;\u00a0Azul, amarela e verde &#8211; para distinguir \u00e1reas e\/ou turnos diversos de trabalho, colaborando no controle de contamina\u00e7\u00e3o cruzada<\/p>\n<h4>Aplica\u00e7\u00f5es<\/h4>\n<p>Indicada para trabalhos gerais leves e m\u00e9dios, protegendo o trabalhador em ambientes secos e \u00famidos, sob temperatura ambiente ou controlada em servi\u00e7os de higiene e limpeza, cozinhas industriais, em postos de trabalho na ind\u00fastria aliment\u00edcia (massas, biscoitos, bolos, p\u00e3es), frigor\u00edfica (aves, su\u00ednos, pesca e bovinos), na sangria, abate, escaldagem, depenagem, espostejamento, eviscera\u00e7\u00e3o, sala de cortes e embalagem prim\u00e1ria. Pode ser utilizada sobrepondo as luvas resistentes a corte ou t\u00e9rmica para uma prote\u00e7\u00e3o imperme\u00e1vel.<\/p>\n<p>* Este produto cont\u00e9m l\u00e1tex de borracha natural, seu uso pode causar rea\u00e7\u00f5es al\u00e9rgicas em pessoas sens\u00edveis ao l\u00e1tex.<\/p>\n<h4>Potenciais clientes<\/h4>\n<p>Ind\u00fastria aliment\u00edcia e frigor\u00edfica, prestadoras de servi\u00e7o, conserva\u00e7\u00e3o e limpeza, saneamento (ETE e ETA); laborat\u00f3rios e ambulat\u00f3rios, cozinhas industriais, food service, agricultura, ind\u00fastria metalmec\u00e2nica e constru\u00e7\u00e3o civil.<\/p>\n","protected":false},"featured_media":2619,"comment_status":"open","ping_status":"closed","template":"","meta":[],"product_brand":[],"product_cat":[6,9,86],"product_tag":[],"class_list":{"0":"post-2618","1":"product","2":"type-product","3":"status-publish","4":"has-post-thumbnail","6":"product_cat-luvas","7":"product_cat-luvas-quimico","8":"product_cat-volk","10":"first","11":"onbackorder","12":"taxable","13":"shipping-taxable","14":"purchasable","15":"product-type-simple"},"_links":{"self":[{"href":"https:\/\/segtotaltreinamentos.com.br\/Loja\/wp-json\/wp\/v2\/product\/2618","targetHints":{"allow":["GET"]}}],"collection":[{"href":"https:\/\/segtotaltreinamentos.com.br\/Loja\/wp-json\/wp\/v2\/product"}],"about":[{"href":"https:\/\/segtotaltreinamentos.com.br\/Loja\/wp-json\/wp\/v2\/types\/product"}],"replies":[{"embeddable":true,"href":"https:\/\/segtotaltreinamentos.com.br\/Loja\/wp-json\/wp\/v2\/comments?post=2618"}],"wp:featuredmedia":[{"embeddable":true,"href":"https:\/\/segtotaltreinamentos.com.br\/Loja\/wp-json\/wp\/v2\/media\/2619"}],"wp:attachment":[{"href":"https:\/\/segtotaltreinamentos.com.br\/Loja\/wp-json\/wp\/v2\/media?parent=2618"}],"wp:term":[{"taxonomy":"product_brand","embeddable":true,"href":"https:\/\/segtotaltreinamentos.com.br\/Loja\/wp-json\/wp\/v2\/product_brand?post=2618"},{"taxonomy":"product_cat","embeddable":true,"href":"https:\/\/segtotaltreinamentos.com.br\/Loja\/wp-json\/wp\/v2\/product_cat?post=2618"},{"taxonomy":"product_tag","embeddable":true,"href":"https:\/\/segtotaltreinamentos.com.br\/Loja\/wp-json\/wp\/v2\/product_tag?post=2618"}],"curies":[{"name":"wp","href":"https:\/\/api.w.org\/{rel}","templated":true}]}}