{"id":2695,"date":"2016-09-06T14:33:42","date_gmt":"2016-09-06T14:33:42","guid":{"rendered":"http:\/\/segtotaltreinamentos.com.br\/Loja\/?post_type=product&#038;p=2695"},"modified":"2017-01-31T16:51:44","modified_gmt":"2017-01-31T16:51:44","slug":"luvas-descartaveis-luva-vinil-volk-sem-amido","status":"publish","type":"product","link":"https:\/\/segtotaltreinamentos.com.br\/Loja\/produto\/luvas-descartaveis-luva-vinil-volk-sem-amido\/","title":{"rendered":"Luvas Descart\u00e1veis Luva Vinil Volk sem amido"},"content":{"rendered":"<p><a href=\"https:\/\/segtotaltreinamentos.com.br\/Loja\/wp-content\/uploads\/2016\/09\/27-05022016173048.pdf\">27-05022016173048<\/a><\/p>\n<p><a href=\"https:\/\/segtotaltreinamentos.com.br\/Loja\/wp-content\/uploads\/2016\/09\/24-05022016173048.pdf\">24-05022016173048<\/a><\/p>\n","protected":false},"excerpt":{"rendered":"<h3>Descri\u00e7\u00e3o<\/h3>\n<p>Luva de seguran\u00e7a confeccionada em resina vin\u00edlica; n\u00e3o esterilizada, sem pulveriza\u00e7\u00e3o interna de p\u00f3 bioabsorv\u00edvel (amido de milho); ambidestra, superf\u00edcie externa lisa.<\/p>\n<hr \/>\n<h4>Especifica\u00e7\u00f5es<\/h4>\n<p><strong>CA: <\/strong>20722<br \/>\n<strong>Comprimento: <\/strong>24cm<br \/>\n<strong>Tamanhos: <\/strong>6 (EP)* 7 (P) 8 (M) 9 (G) 10 (EG)*<br \/>\n<strong>Uso: <\/strong>Descart\u00e1vel<br \/>\n<strong>Formato: <\/strong>Ambidestro<br \/>\n<strong>Acabamento interno: <\/strong>Sem Talco\/ Clorinado<br \/>\n<strong>Punho: <\/strong>Virola<br \/>\n<strong>Embalagem: <\/strong>Display com 100 unidades, Caixa fechada com 10 displays<\/p>\n<h4>Vantagens e benef\u00edcios<\/h4>\n<p>HIPOALERG\u00caNICA<\/p>\n<p>AGILIDADE DE MOVIMENTOS<\/p>\n<p>\u00d3TIMA SENSIBILIDADE T\u00c1TIL<\/p>\n<p>DESCART\u00c1VEIS<\/p>\n<p>AMBIDESTRAS<\/p>\n<p>PROTE\u00c7\u00c3O DO USU\u00c1RIO E DO PRODUTO<\/p>\n<p>EXCELENTE PERFORMANCE NA:<\/p>\n<p>MANIPULA\u00c7\u00c3O DE BOLOS E CHOCOLATES, alimento na n\u00e3o gruda na luva e n\u00e3o deixa marcas de digitais nos alimentos.<\/p>\n<p>TINTURA E RELAXAMENTO CAPILAR, prote\u00e7\u00e3o qu\u00edmica, n\u00e3o puxa o cabelo e mant\u00e9m a sensibilidade.<\/p>\n<p>EST\u00c9TICA &#8211; Depila\u00e7\u00e3o com cera quente &#8211; n\u00e3o gruda na luva, maior durabilidade e melhor contato.<\/p>\n<h4>Aplica\u00e7\u00f5es<\/h4>\n<p>Usos gerais para trabalhos leves e m\u00e9dios, protegendo o usu\u00e1rio em opera\u00e7\u00f5es tais como a fabrica\u00e7\u00e3o, manipula\u00e7\u00e3o, sele\u00e7\u00e3o e tamb\u00e9m no processo de embalo de chocolates, bolos, bombons e similares, com o objetivo de proteger o produto contra contamina\u00e7\u00f5es e n\u00e3o deixar marcas. Tintura e relaxamento capilar, est\u00e9tica, limpeza e manuten\u00e7\u00e3o e outros.<\/p>\n<h4>Potenciais clientes<\/h4>\n<p>Frigor\u00edfica (aves, su\u00ednos, pesca e bovinos), Ind\u00fastria aliment\u00edcia (massas, l\u00e1cteos, doces), food service, industria cosm\u00e9tica, sal\u00f5es de beleza, ind\u00fastrial metalmec\u00e2nica, prestadora de servi\u00e7os e outros.<\/p>\n","protected":false},"featured_media":2696,"comment_status":"open","ping_status":"closed","template":"","meta":[],"product_brand":[],"product_cat":[6,9,86],"product_tag":[],"class_list":{"0":"post-2695","1":"product","2":"type-product","3":"status-publish","4":"has-post-thumbnail","6":"product_cat-luvas","7":"product_cat-luvas-quimico","8":"product_cat-volk","10":"first","11":"onbackorder","12":"sale","13":"taxable","14":"shipping-taxable","15":"purchasable","16":"product-type-simple"},"_links":{"self":[{"href":"https:\/\/segtotaltreinamentos.com.br\/Loja\/wp-json\/wp\/v2\/product\/2695","targetHints":{"allow":["GET"]}}],"collection":[{"href":"https:\/\/segtotaltreinamentos.com.br\/Loja\/wp-json\/wp\/v2\/product"}],"about":[{"href":"https:\/\/segtotaltreinamentos.com.br\/Loja\/wp-json\/wp\/v2\/types\/product"}],"replies":[{"embeddable":true,"href":"https:\/\/segtotaltreinamentos.com.br\/Loja\/wp-json\/wp\/v2\/comments?post=2695"}],"wp:featuredmedia":[{"embeddable":true,"href":"https:\/\/segtotaltreinamentos.com.br\/Loja\/wp-json\/wp\/v2\/media\/2696"}],"wp:attachment":[{"href":"https:\/\/segtotaltreinamentos.com.br\/Loja\/wp-json\/wp\/v2\/media?parent=2695"}],"wp:term":[{"taxonomy":"product_brand","embeddable":true,"href":"https:\/\/segtotaltreinamentos.com.br\/Loja\/wp-json\/wp\/v2\/product_brand?post=2695"},{"taxonomy":"product_cat","embeddable":true,"href":"https:\/\/segtotaltreinamentos.com.br\/Loja\/wp-json\/wp\/v2\/product_cat?post=2695"},{"taxonomy":"product_tag","embeddable":true,"href":"https:\/\/segtotaltreinamentos.com.br\/Loja\/wp-json\/wp\/v2\/product_tag?post=2695"}],"curies":[{"name":"wp","href":"https:\/\/api.w.org\/{rel}","templated":true}]}}