{"id":2862,"date":"2016-09-23T14:44:56","date_gmt":"2016-09-23T14:44:56","guid":{"rendered":"http:\/\/segtotaltreinamentos.com.br\/Loja\/?post_type=product&#038;p=2862"},"modified":"2018-12-14T12:23:41","modified_gmt":"2018-12-14T12:23:41","slug":"protetor-solar-120ml-fps30","status":"publish","type":"product","link":"https:\/\/segtotaltreinamentos.com.br\/Loja\/produto\/protetor-solar-120ml-fps30\/","title":{"rendered":"Protetor Solar 120ml (FPS30)"},"content":{"rendered":"<p><a href=\"https:\/\/segtotaltreinamentos.com.br\/Loja\/wp-content\/uploads\/2016\/09\/ET-PA-024-PROTETOR-SOLAR-FPS-30-CORPORAL-NP-_LEGISLA\u00c7\u00c3O-NOVA_-1.pdf\">et-pa-024-protetor-solar-fps-30-corporal-np-_legislacao-nova_<\/a><\/p>\n<p><a href=\"https:\/\/segtotaltreinamentos.com.br\/Loja\/wp-content\/uploads\/2016\/09\/FISPQ-024-PROTETOR-SOLAR-FPS-30-CORPORAL-NP-_LEGISLA\u00c7\u00c3O-NOVA_-1.pdf\">fispq-024-protetor-solar-fps-30-corporal-np-_legislacao-nova_<\/a><\/p>\n","protected":false},"excerpt":{"rendered":"<h2>Descri\u00e7\u00e3o do produto<\/h2>\n<p>Linha de prote\u00e7\u00e3o solar profissional.<\/p>\n<ul>\n<li>Muito resistente a \u00e1gua e suor;<\/li>\n<li>Possui vitamina E, prevenindo o envelhecimento precoce da pele;<\/li>\n<li>Hipoalerg\u00eanico;<\/li>\n<li>Espalha com facilidade e n\u00e3o deixa a pele esbranqui\u00e7ada;<\/li>\n<li>Uso di\u00e1rio;<\/li>\n<li>R\u00e1pida absor\u00e7\u00e3o;<\/li>\n<li>A\u00e7\u00e3o Hidratante;<\/li>\n<li>Suave fragr\u00e2ncia;<\/li>\n<li>N\u00e3o comedog\u00eanico.<\/li>\n<\/ul>\n","protected":false},"featured_media":2863,"comment_status":"open","ping_status":"closed","template":"","meta":[],"product_brand":[],"product_cat":[21,78,126],"product_tag":[],"class_list":{"0":"post-2862","1":"product","2":"type-product","3":"status-publish","4":"has-post-thumbnail","6":"product_cat-cremes","7":"product_cat-nutriex","8":"product_cat-protetor-solar-tipo","10":"first","11":"onbackorder","12":"featured","13":"taxable","14":"shipping-taxable","15":"purchasable","16":"product-type-simple"},"_links":{"self":[{"href":"https:\/\/segtotaltreinamentos.com.br\/Loja\/wp-json\/wp\/v2\/product\/2862","targetHints":{"allow":["GET"]}}],"collection":[{"href":"https:\/\/segtotaltreinamentos.com.br\/Loja\/wp-json\/wp\/v2\/product"}],"about":[{"href":"https:\/\/segtotaltreinamentos.com.br\/Loja\/wp-json\/wp\/v2\/types\/product"}],"replies":[{"embeddable":true,"href":"https:\/\/segtotaltreinamentos.com.br\/Loja\/wp-json\/wp\/v2\/comments?post=2862"}],"wp:featuredmedia":[{"embeddable":true,"href":"https:\/\/segtotaltreinamentos.com.br\/Loja\/wp-json\/wp\/v2\/media\/2863"}],"wp:attachment":[{"href":"https:\/\/segtotaltreinamentos.com.br\/Loja\/wp-json\/wp\/v2\/media?parent=2862"}],"wp:term":[{"taxonomy":"product_brand","embeddable":true,"href":"https:\/\/segtotaltreinamentos.com.br\/Loja\/wp-json\/wp\/v2\/product_brand?post=2862"},{"taxonomy":"product_cat","embeddable":true,"href":"https:\/\/segtotaltreinamentos.com.br\/Loja\/wp-json\/wp\/v2\/product_cat?post=2862"},{"taxonomy":"product_tag","embeddable":true,"href":"https:\/\/segtotaltreinamentos.com.br\/Loja\/wp-json\/wp\/v2\/product_tag?post=2862"}],"curies":[{"name":"wp","href":"https:\/\/api.w.org\/{rel}","templated":true}]}}