{"id":29230,"date":"2020-06-06T16:27:28","date_gmt":"2020-06-06T16:27:28","guid":{"rendered":"http:\/\/segtotaltreinamentos.com.br\/Loja\/?post_type=product&#038;p=29230"},"modified":"2020-06-06T16:27:28","modified_gmt":"2020-06-06T16:27:28","slug":"bota-florestal-cano-longo-bv-70520","status":"publish","type":"product","link":"https:\/\/segtotaltreinamentos.com.br\/Loja\/produto\/bota-florestal-cano-longo-bv-70520\/","title":{"rendered":"BOTA FLORESTAL CANO LONGO BV-70520"},"content":{"rendered":"<p>CA-9306<\/p>\n","protected":false},"excerpt":{"rendered":"<p>BV75<br \/>\nBota Motociclista Cano M\u00e9dio<br \/>\nBota de prote\u00e7\u00e3o para motociclistas confeccionada em couro vaqueta<br \/>\nintegral estampa relax, com cano m\u00e9dio. Possui refor\u00e7o\/protetor<br \/>\nde c\u00e2mbio e detalhes acolchoados no cano. Possui palmilha interna<br \/>\nremov\u00edvel em EVA com tratamento antimicr\u00f3bios. Indicada para servi\u00e7os<br \/>\ngerais de motociclista, garantindo conforto e prote\u00e7\u00e3o aos tornozelos<br \/>\ne p\u00e9s do usu\u00e1rio.<\/p>\n","protected":false},"featured_media":29231,"comment_status":"open","ping_status":"closed","template":"","meta":[],"product_brand":[],"product_cat":[16,82],"product_tag":[],"class_list":{"0":"post-29230","1":"product","2":"type-product","3":"status-publish","4":"has-post-thumbnail","6":"product_cat-calcados","7":"product_cat-conforto","9":"first","10":"onbackorder","11":"taxable","12":"shipping-taxable","13":"product-type-simple"},"_links":{"self":[{"href":"https:\/\/segtotaltreinamentos.com.br\/Loja\/wp-json\/wp\/v2\/product\/29230","targetHints":{"allow":["GET"]}}],"collection":[{"href":"https:\/\/segtotaltreinamentos.com.br\/Loja\/wp-json\/wp\/v2\/product"}],"about":[{"href":"https:\/\/segtotaltreinamentos.com.br\/Loja\/wp-json\/wp\/v2\/types\/product"}],"replies":[{"embeddable":true,"href":"https:\/\/segtotaltreinamentos.com.br\/Loja\/wp-json\/wp\/v2\/comments?post=29230"}],"wp:featuredmedia":[{"embeddable":true,"href":"https:\/\/segtotaltreinamentos.com.br\/Loja\/wp-json\/wp\/v2\/media\/29231"}],"wp:attachment":[{"href":"https:\/\/segtotaltreinamentos.com.br\/Loja\/wp-json\/wp\/v2\/media?parent=29230"}],"wp:term":[{"taxonomy":"product_brand","embeddable":true,"href":"https:\/\/segtotaltreinamentos.com.br\/Loja\/wp-json\/wp\/v2\/product_brand?post=29230"},{"taxonomy":"product_cat","embeddable":true,"href":"https:\/\/segtotaltreinamentos.com.br\/Loja\/wp-json\/wp\/v2\/product_cat?post=29230"},{"taxonomy":"product_tag","embeddable":true,"href":"https:\/\/segtotaltreinamentos.com.br\/Loja\/wp-json\/wp\/v2\/product_tag?post=29230"}],"curies":[{"name":"wp","href":"https:\/\/api.w.org\/{rel}","templated":true}]}}