{"id":3043,"date":"2016-10-29T16:55:31","date_gmt":"2016-10-29T16:55:31","guid":{"rendered":"http:\/\/segtotaltreinamentos.com.br\/Loja\/?post_type=product&#038;p=3043"},"modified":"2016-12-07T18:16:51","modified_gmt":"2016-12-07T18:16:51","slug":"luva-grafatex-pesada-de-algodao-e-poliester","status":"publish","type":"product","link":"https:\/\/segtotaltreinamentos.com.br\/Loja\/produto\/luva-grafatex-pesada-de-algodao-e-poliester\/","title":{"rendered":"Luva GRAFATEX pesada de ALGOD\u00c3O e POLI\u00c9STER."},"content":{"rendered":"<p><a href=\"https:\/\/segtotaltreinamentos.com.br\/Loja\/wp-content\/uploads\/2016\/10\/107.pdf\">107<\/a><\/p>\n","protected":false},"excerpt":{"rendered":"<div class=\"product-field product-field-type-S\"><span class=\"product-fields-title\">Ind\u00fastria:<\/span> <span class=\"product-field-display\">Autom\u00f3vel<\/span><\/div>\n<div class=\"product-field product-field-type-S\"><span class=\"product-field-display\">Montagem e acabamentos.<\/span><\/div>\n<div class=\"product-field product-field-type-S\"><span class=\"product-fields-title\">Ind\u00fastria:<\/span> <span class=\"product-field-display\">M\u00e1quinas e equipamentos<\/span><\/div>\n<div class=\"product-field product-field-type-S\"><span class=\"product-field-display\">Manuseamento de pe\u00e7as em geral.<\/span><\/div>\n<div class=\"product-field product-field-type-S\"><span class=\"product-fields-title\">Ind\u00fastria:<\/span> <span class=\"product-field-display\">Servi\u00e7os p\u00fablicos<\/span><\/div>\n<div class=\"product-field product-field-type-S\"><span class=\"product-field-display\">Manuten\u00e7\u00e3o.<\/span><\/div>\n<div class=\"product-field product-field-type-S\"><span class=\"product-fields-title\">Ind\u00fastria:<\/span> <span class=\"product-field-display\">Log\u00edstica e armazenagem<\/span><\/div>\n<div class=\"product-field product-field-type-S\"><span class=\"product-field-display\">Envio e recep\u00e7\u00e3o.<\/span><\/div>\n<div class=\"product-field product-field-type-S\"><\/div>\n<div class=\"product-field product-field-type-S\">\n<div class=\"product-description\">\n<p><span class=\"title\">Descri\u00e7\u00e3o<\/span><img decoding=\"async\" src=\"http:\/\/www.gamiluva.com.br\/home\/images\/107.jpg\" alt=\"\" border=\"0\" \/><\/p>\n<p><img decoding=\"async\" src=\"http:\/\/www.gamiluva.com.br\/home\/images\/Imagenes\/Descripcion_productos\/vinieta.jpg\" alt=\"\" border=\"0\" \/>\u00a0CARACTER\u00cdSTICAS\u00a0<img decoding=\"async\" src=\"http:\/\/www.gamiluva.com.br\/home\/images\/107_2.jpg\" border=\"0\" \/><\/p>\n<p>\u2022 Luva de uma s\u00f3 pe\u00e7a, sem costuras que podem irritar a pele. A frescura e o conforto do algod\u00e3o &#8211; mas com uma ader\u00eancia muito superior. Torna mais f\u00e1cil e seguro manusear objectos lisos ou utens\u00edlios.<br \/>\n\u2022\u00a0Muito maior resist\u00eancia a rasg\u00f5es, perfura\u00e7\u00f5es e abras\u00e3o.<\/p>\n<p>&nbsp;<\/p>\n<p><img decoding=\"async\" src=\"http:\/\/www.gamiluva.com.br\/home\/images\/Imagenes\/Descripcion_productos\/vinieta.jpg\" alt=\"\" border=\"0\" \/>\u00a0INSTRU\u00c7\u00d5ES DE USO<\/p>\n<p>\u2022 Para garantir uma utiliza\u00e7\u00e3o correta e adequada da luva, consulte o t\u00e9cnico respons\u00e1vel pela seguran\u00e7a do trabalho.<br \/>\n\u2022\u00a0Se a luva apresenta variedade de tamanhos, verifique o tamanho adequado para sua m\u00e3o. O estiramento do tecido pode alterar as propriedades de seguran\u00e7a das luvas.<br \/>\n\u2022\u00a0As luvas devem ser colocadas com as m\u00e3os secas e limpas.<br \/>\n\u2022\u00a0Inspecione a luva em busca de falhas ou fissuras antes da utiliza\u00e7\u00e3o. Se tiver qualquer altera\u00e7\u00e3o, descarte.<br \/>\n\u2022\u00a0S\u00f3 se garantem as propriedades de prote\u00e7\u00e3o se mantidas as caracter\u00edsticas originais de fabrica\u00e7\u00e3o.<br \/>\n\u2022\u00a0O uso inadequado das luvas ou sua exposi\u00e7\u00e3o a um processo de limpeza que n\u00e3o seja especificamente recomendado pode alterar o n\u00edvel de desempenho.<\/p>\n<\/div>\n<\/div>\n","protected":false},"featured_media":3044,"comment_status":"open","ping_status":"closed","template":"","meta":[],"product_brand":[],"product_cat":[97,6,7,8],"product_tag":[],"class_list":{"0":"post-3043","1":"product","2":"type-product","3":"status-publish","4":"has-post-thumbnail","6":"product_cat-gamiluva","7":"product_cat-luvas","8":"product_cat-luvas-anticorte","9":"product_cat-luvas-calor","11":"first","12":"outofstock","13":"taxable","14":"shipping-taxable","15":"purchasable","16":"product-type-simple"},"_links":{"self":[{"href":"https:\/\/segtotaltreinamentos.com.br\/Loja\/wp-json\/wp\/v2\/product\/3043","targetHints":{"allow":["GET"]}}],"collection":[{"href":"https:\/\/segtotaltreinamentos.com.br\/Loja\/wp-json\/wp\/v2\/product"}],"about":[{"href":"https:\/\/segtotaltreinamentos.com.br\/Loja\/wp-json\/wp\/v2\/types\/product"}],"replies":[{"embeddable":true,"href":"https:\/\/segtotaltreinamentos.com.br\/Loja\/wp-json\/wp\/v2\/comments?post=3043"}],"wp:featuredmedia":[{"embeddable":true,"href":"https:\/\/segtotaltreinamentos.com.br\/Loja\/wp-json\/wp\/v2\/media\/3044"}],"wp:attachment":[{"href":"https:\/\/segtotaltreinamentos.com.br\/Loja\/wp-json\/wp\/v2\/media?parent=3043"}],"wp:term":[{"taxonomy":"product_brand","embeddable":true,"href":"https:\/\/segtotaltreinamentos.com.br\/Loja\/wp-json\/wp\/v2\/product_brand?post=3043"},{"taxonomy":"product_cat","embeddable":true,"href":"https:\/\/segtotaltreinamentos.com.br\/Loja\/wp-json\/wp\/v2\/product_cat?post=3043"},{"taxonomy":"product_tag","embeddable":true,"href":"https:\/\/segtotaltreinamentos.com.br\/Loja\/wp-json\/wp\/v2\/product_tag?post=3043"}],"curies":[{"name":"wp","href":"https:\/\/api.w.org\/{rel}","templated":true}]}}