{"id":3140,"date":"2016-12-07T19:33:49","date_gmt":"2016-12-07T19:33:49","guid":{"rendered":"http:\/\/segtotaltreinamentos.com.br\/Loja\/?post_type=product&#038;p=3140"},"modified":"2016-12-20T21:39:16","modified_gmt":"2016-12-20T21:39:16","slug":"oculos-runner","status":"publish","type":"product","link":"https:\/\/segtotaltreinamentos.com.br\/Loja\/produto\/oculos-runner\/","title":{"rendered":"\u00d3culos RUNNER"},"content":{"rendered":"<p><a href=\"https:\/\/segtotaltreinamentos.com.br\/Loja\/wp-content\/uploads\/2016\/12\/FT-OCULOS-VICSA-RUNNER-VIC56310-CA20710-2.pdf\">FT-OCULOS-VICSA-RUNNER-VIC56310-CA20710-2<\/a><\/p>\n","protected":false},"excerpt":{"rendered":"<div id=\"produto-txt\">\n<div class=\"box-m\">\n<div class=\"titbox\">Principais Caracter\u00edsticas<\/div>\n<p>Lente de prote\u00e7\u00e3o em policarbonato<\/p>\n<p>Protetor nasal injetado do mesmo material<\/p>\n<p>Haste regul\u00e1vel em dois est\u00e1gios<\/p>\n<p>Antirrisco e Antiemba\u00e7ante<\/p>\n<\/div>\n<div class=\"box-m\">\n<div class=\"titbox\">Principais Aplica\u00e7\u00f5es<\/div>\n<p>Contra impactos de part\u00edculas volantes<\/p>\n<\/div>\n<\/div>\n<div class=\"center-content-prod-dest\">\n<div class=\"produto-txt-g\">\n<p>\u00d3culos de seguran\u00e7a com lente de prote\u00e7\u00e3o em policarbonato com tratamento antirrisco, antiemba\u00e7ante e UV.<\/p>\n<p>Protetor nasal injetado do mesmo material e haste regul\u00e1vel em dois est\u00e1gios, com cord\u00e3o.<\/p>\n<p>&nbsp;<\/p>\n<p>Lente dispon\u00edvel em duas cores.<\/p>\n<\/div>\n<\/div>\n","protected":false},"featured_media":3141,"comment_status":"open","ping_status":"closed","template":"","meta":[],"product_brand":[],"product_cat":[20,80],"product_tag":[],"class_list":{"0":"post-3140","1":"product","2":"type-product","3":"status-publish","4":"has-post-thumbnail","6":"product_cat-oculos","7":"product_cat-vicza","9":"first","10":"outofstock","11":"taxable","12":"shipping-taxable","13":"purchasable","14":"product-type-simple"},"_links":{"self":[{"href":"https:\/\/segtotaltreinamentos.com.br\/Loja\/wp-json\/wp\/v2\/product\/3140","targetHints":{"allow":["GET"]}}],"collection":[{"href":"https:\/\/segtotaltreinamentos.com.br\/Loja\/wp-json\/wp\/v2\/product"}],"about":[{"href":"https:\/\/segtotaltreinamentos.com.br\/Loja\/wp-json\/wp\/v2\/types\/product"}],"replies":[{"embeddable":true,"href":"https:\/\/segtotaltreinamentos.com.br\/Loja\/wp-json\/wp\/v2\/comments?post=3140"}],"wp:featuredmedia":[{"embeddable":true,"href":"https:\/\/segtotaltreinamentos.com.br\/Loja\/wp-json\/wp\/v2\/media\/3141"}],"wp:attachment":[{"href":"https:\/\/segtotaltreinamentos.com.br\/Loja\/wp-json\/wp\/v2\/media?parent=3140"}],"wp:term":[{"taxonomy":"product_brand","embeddable":true,"href":"https:\/\/segtotaltreinamentos.com.br\/Loja\/wp-json\/wp\/v2\/product_brand?post=3140"},{"taxonomy":"product_cat","embeddable":true,"href":"https:\/\/segtotaltreinamentos.com.br\/Loja\/wp-json\/wp\/v2\/product_cat?post=3140"},{"taxonomy":"product_tag","embeddable":true,"href":"https:\/\/segtotaltreinamentos.com.br\/Loja\/wp-json\/wp\/v2\/product_tag?post=3140"}],"curies":[{"name":"wp","href":"https:\/\/api.w.org\/{rel}","templated":true}]}}