{"id":3551,"date":"2017-03-25T15:31:54","date_gmt":"2017-03-25T15:31:54","guid":{"rendered":"http:\/\/segtotaltreinamentos.com.br\/Loja\/?post_type=product&#038;p=3551"},"modified":"2019-01-14T17:58:21","modified_gmt":"2019-01-14T17:58:21","slug":"trava-quedas-retratil-vic29061p","status":"publish","type":"product","link":"https:\/\/segtotaltreinamentos.com.br\/Loja\/produto\/trava-quedas-retratil-vic29061p\/","title":{"rendered":"Trava-quedas Retr\u00e1til &#8211; VIC29061P"},"content":{"rendered":"<p>TRAVA QUEDAS RETR CX PLASTICA 10M CABO ACO GALV &#8211; VIC29061P<\/p>\n<p><a href=\"https:\/\/segtotaltreinamentos.com.br\/Loja\/wp-content\/uploads\/2017\/03\/FT-TRAVA-QUEDAS-RETRATIL-CABO-DE-ACO-CX-ALUMINIO-VICSA-GERAL.pdf\">FT-TRAVA-QUEDAS-RETRATIL-CABO-DE-ACO-CX-ALUMINIO-VICSA-GERAL<\/a><\/p>\n","protected":false},"excerpt":{"rendered":"<div id=\"produto-txt\">\n<div class=\"box-m\">\n<div class=\"titbox\">Principais Caracter\u00edsticas<\/div>\n<p>Caixa de alum\u00ednio<\/p>\n<p>Absorvedor de energia interno<\/p>\n<p>Mosquet\u00e3o girat\u00f3rio<\/p>\n<p>Indicador de queda<\/p>\n<p>Manuten\u00e7\u00e3o nacional<\/p>\n<p>Chip NFC para inspe\u00e7\u00e3o atrav\u00e9s do celular &#8211; Check EPI<\/p>\n<\/div>\n<div class=\"box-m\">\n<div class=\"titbox\">Principais Aplica\u00e7\u00f5es<\/div>\n<p>Trabalho em pontos espec\u00edficos onde a altura do ponto de ancoragem \u00e9 muito distante do usu\u00e1rio. Por exemplo linhas de vida.<\/p>\n<\/div>\n<\/div>\n<div class=\"center-content-prod-dest\">\n<div class=\"produto-txt-g\">\n<p>Trava quedas retr\u00e1til 10 m de cabo de a\u00e7o galvanizado ou inox.<\/p>\n<\/div>\n<\/div>\n","protected":false},"featured_media":3552,"comment_status":"open","ping_status":"closed","template":"","meta":[],"product_brand":[],"product_cat":[32,145,80],"product_tag":[],"class_list":{"0":"post-3551","1":"product","2":"type-product","3":"status-publish","4":"has-post-thumbnail","6":"product_cat-trabalho-em-altura","7":"product_cat-trava-quedas","8":"product_cat-vicza","10":"first","11":"outofstock","12":"taxable","13":"shipping-taxable","14":"purchasable","15":"product-type-simple"},"_links":{"self":[{"href":"https:\/\/segtotaltreinamentos.com.br\/Loja\/wp-json\/wp\/v2\/product\/3551","targetHints":{"allow":["GET"]}}],"collection":[{"href":"https:\/\/segtotaltreinamentos.com.br\/Loja\/wp-json\/wp\/v2\/product"}],"about":[{"href":"https:\/\/segtotaltreinamentos.com.br\/Loja\/wp-json\/wp\/v2\/types\/product"}],"replies":[{"embeddable":true,"href":"https:\/\/segtotaltreinamentos.com.br\/Loja\/wp-json\/wp\/v2\/comments?post=3551"}],"wp:featuredmedia":[{"embeddable":true,"href":"https:\/\/segtotaltreinamentos.com.br\/Loja\/wp-json\/wp\/v2\/media\/3552"}],"wp:attachment":[{"href":"https:\/\/segtotaltreinamentos.com.br\/Loja\/wp-json\/wp\/v2\/media?parent=3551"}],"wp:term":[{"taxonomy":"product_brand","embeddable":true,"href":"https:\/\/segtotaltreinamentos.com.br\/Loja\/wp-json\/wp\/v2\/product_brand?post=3551"},{"taxonomy":"product_cat","embeddable":true,"href":"https:\/\/segtotaltreinamentos.com.br\/Loja\/wp-json\/wp\/v2\/product_cat?post=3551"},{"taxonomy":"product_tag","embeddable":true,"href":"https:\/\/segtotaltreinamentos.com.br\/Loja\/wp-json\/wp\/v2\/product_tag?post=3551"}],"curies":[{"name":"wp","href":"https:\/\/api.w.org\/{rel}","templated":true}]}}