{"id":3554,"date":"2017-03-25T15:34:16","date_gmt":"2017-03-25T15:34:16","guid":{"rendered":"http:\/\/segtotaltreinamentos.com.br\/Loja\/?post_type=product&#038;p=3554"},"modified":"2017-03-25T15:36:05","modified_gmt":"2017-03-25T15:36:05","slug":"tripe-para-espaco-confinado-victrip2","status":"publish","type":"product","link":"https:\/\/segtotaltreinamentos.com.br\/Loja\/produto\/tripe-para-espaco-confinado-victrip2\/","title":{"rendered":"Trip\u00e9 Para Espa\u00e7o Confinado &#8211; VICTRIP2"},"content":{"rendered":"<p><a href=\"https:\/\/segtotaltreinamentos.com.br\/Loja\/wp-content\/uploads\/2017\/03\/FT-TRIPE-E-GUINCHO-VICSA-VICTRIP4-VICTRIP10.pdf\">FT-TRIPE-E-GUINCHO-VICSA-VICTRIP4-VICTRIP10<\/a><\/p>\n","protected":false},"excerpt":{"rendered":"<p>Principais Caracter\u00edsticas<\/p>\n<p>Hastes em alum\u00ednio com altura regul\u00e1vel de 1,35 a 2,40m<\/p>\n<p>2 pontos de ancoragens superiores<\/p>\n<p>Acompanha bolsa para transporte<\/p>\n<p>Principais Aplica\u00e7\u00f5es<\/p>\n<p>Movimenta\u00e7\u00e3o em espa\u00e7os confinados<\/p>\n<p>Trabalho em posicionamento<\/p>\n<p>O Trip\u00e9 para trabalhos em espa\u00e7os confinados VICSA vem com\u00a02 pontos de ancoragens superiores mais roldana para o cabo do guincho*, hastes em alum\u00ednio com altura regul\u00e1vel de <strong>1,35 a 2,40 m<\/strong>.<\/p>\n<p>Di\u00e2metros de abertura de 1,14 a 2,10 m,\u00a0guincho*\u00a0com 20 m de cabo de a\u00e7o e\u00a0p\u00e9s anti derrapantes com regulagem para terreno inclinado.<\/p>\n<p>* guincho vendido separadamente.<\/p>\n","protected":false},"featured_media":3555,"comment_status":"open","ping_status":"closed","template":"","meta":[],"product_brand":[],"product_cat":[105,80],"product_tag":[],"class_list":{"0":"post-3554","1":"product","2":"type-product","3":"status-publish","4":"has-post-thumbnail","6":"product_cat-espaco-confinado","7":"product_cat-vicza","9":"first","10":"outofstock","11":"taxable","12":"shipping-taxable","13":"purchasable","14":"product-type-simple"},"_links":{"self":[{"href":"https:\/\/segtotaltreinamentos.com.br\/Loja\/wp-json\/wp\/v2\/product\/3554","targetHints":{"allow":["GET"]}}],"collection":[{"href":"https:\/\/segtotaltreinamentos.com.br\/Loja\/wp-json\/wp\/v2\/product"}],"about":[{"href":"https:\/\/segtotaltreinamentos.com.br\/Loja\/wp-json\/wp\/v2\/types\/product"}],"replies":[{"embeddable":true,"href":"https:\/\/segtotaltreinamentos.com.br\/Loja\/wp-json\/wp\/v2\/comments?post=3554"}],"wp:featuredmedia":[{"embeddable":true,"href":"https:\/\/segtotaltreinamentos.com.br\/Loja\/wp-json\/wp\/v2\/media\/3555"}],"wp:attachment":[{"href":"https:\/\/segtotaltreinamentos.com.br\/Loja\/wp-json\/wp\/v2\/media?parent=3554"}],"wp:term":[{"taxonomy":"product_brand","embeddable":true,"href":"https:\/\/segtotaltreinamentos.com.br\/Loja\/wp-json\/wp\/v2\/product_brand?post=3554"},{"taxonomy":"product_cat","embeddable":true,"href":"https:\/\/segtotaltreinamentos.com.br\/Loja\/wp-json\/wp\/v2\/product_cat?post=3554"},{"taxonomy":"product_tag","embeddable":true,"href":"https:\/\/segtotaltreinamentos.com.br\/Loja\/wp-json\/wp\/v2\/product_tag?post=3554"}],"curies":[{"name":"wp","href":"https:\/\/api.w.org\/{rel}","templated":true}]}}