{"id":3641,"date":"2017-04-20T12:21:27","date_gmt":"2017-04-20T12:21:27","guid":{"rendered":"http:\/\/segtotaltreinamentos.com.br\/Loja\/?post_type=product&#038;p=3641"},"modified":"2020-02-02T21:56:27","modified_gmt":"2020-02-02T21:56:27","slug":"luva-de-seguranca-de-latex-com-verniz-silver","status":"publish","type":"product","link":"https:\/\/segtotaltreinamentos.com.br\/Loja\/produto\/luva-de-seguranca-de-latex-com-verniz-silver\/","title":{"rendered":"Luva de seguran\u00e7a de l\u00e1tex com verniz silver"},"content":{"rendered":"<p><a href=\"https:\/\/segtotaltreinamentos.com.br\/Loja\/wp-content\/uploads\/2017\/04\/FT-LUVA-DANNY-SILVER-L\u00c1TEX-DA-350-ab120916-1.pdf\">FT-LUVA-DANNY-SILVER-L\u00c1TEX-DA-350-ab120916-1<\/a><\/p>\n","protected":false},"excerpt":{"rendered":"<div id=\"corpo-van-prod\">\n<div id=\"txt-van-prod\"><b>Benef\u00edcios<\/b><\/p>\n<ul>\n<li><img decoding=\"async\" src=\"http:\/\/www.danny.com.br\/wp-content\/uploads\/2017\/02\/beneficio-aprovado.png\" \/>Ideal para manuseio de produtos de limpeza e outros qu\u00edmicos<\/li>\n<li><img decoding=\"async\" src=\"http:\/\/www.danny.com.br\/wp-content\/uploads\/2017\/02\/beneficio-aprovado.png\" \/>Com camada em verniz silver, que evita alergia de contato com o l\u00e1tex<\/li>\n<li><img decoding=\"async\" src=\"http:\/\/www.danny.com.br\/wp-content\/uploads\/2017\/02\/beneficio-aprovado.png\" \/>Alta ader\u00eancia ao manusear objetos com umidade<\/li>\n<\/ul>\n<\/div>\n<\/div>\n<div id=\"corpo-desc-prod\"><b>Descri\u00e7\u00e3o<\/b><br \/>\nA luva\u00a0Danny Silver\u00a0L\u00e1tex s\u00e3o fabricadas em l\u00e1tex (borracha natural) e possuem excelente flexibilidade e ader\u00eancia. S\u00e3o projetadas com formato anat\u00f4mico para permitir o m\u00e1ximo de mobilidade do usu\u00e1rio. Possuem palma com antiderrapante para manuseio seguro de objetos. As luvas recebem tratamento bactericida e fungicida para maior seguran\u00e7a do do trabalhador. Al\u00e9m disso, s\u00e3o clorinadas e possuem revestimento interno\u00a0Silver\u00a0que diminui a probabilidade de alergia em pessoas sens\u00edveis ao l\u00e1tex.<\/p>\n<\/div>\n<div id=\"corpo-desc-prod\">\n<div id=\"txt-van-prod\"><b>Aplica\u00e7\u00f5es<\/b><\/p>\n<ul>\n<li><img decoding=\"async\" src=\"http:\/\/www.danny.com.br\/wp-content\/uploads\/2017\/02\/beneficio-aprovado.png\" \/>Servi\u00e7os gerais e de higieniza\u00e7\u00e3o<\/li>\n<li><img decoding=\"async\" src=\"http:\/\/www.danny.com.br\/wp-content\/uploads\/2017\/02\/beneficio-aprovado.png\" \/>Manuseio de alimentos\n<p><b>C\u00f3digo:<\/b> DA-350 AM (Amarela), DA-350 AZ (Azul)<br \/>\n<b>Tamanho(s):<\/b> P | M | G | XG<br \/>\n<b>Cor:<\/b> Azul e amarela<br \/>\n<b>Normas T\u00e9cnicas:<\/b> MT11<\/li>\n<\/ul>\n<\/div>\n<\/div>\n","protected":false},"featured_media":3642,"comment_status":"open","ping_status":"closed","template":"","meta":[],"product_brand":[],"product_cat":[39,6,9],"product_tag":[],"class_list":{"0":"post-3641","1":"product","2":"type-product","3":"status-publish","4":"has-post-thumbnail","6":"product_cat-danny","7":"product_cat-luvas","8":"product_cat-luvas-quimico","10":"first","11":"onbackorder","12":"taxable","13":"shipping-taxable","14":"purchasable","15":"product-type-simple"},"_links":{"self":[{"href":"https:\/\/segtotaltreinamentos.com.br\/Loja\/wp-json\/wp\/v2\/product\/3641","targetHints":{"allow":["GET"]}}],"collection":[{"href":"https:\/\/segtotaltreinamentos.com.br\/Loja\/wp-json\/wp\/v2\/product"}],"about":[{"href":"https:\/\/segtotaltreinamentos.com.br\/Loja\/wp-json\/wp\/v2\/types\/product"}],"replies":[{"embeddable":true,"href":"https:\/\/segtotaltreinamentos.com.br\/Loja\/wp-json\/wp\/v2\/comments?post=3641"}],"wp:featuredmedia":[{"embeddable":true,"href":"https:\/\/segtotaltreinamentos.com.br\/Loja\/wp-json\/wp\/v2\/media\/3642"}],"wp:attachment":[{"href":"https:\/\/segtotaltreinamentos.com.br\/Loja\/wp-json\/wp\/v2\/media?parent=3641"}],"wp:term":[{"taxonomy":"product_brand","embeddable":true,"href":"https:\/\/segtotaltreinamentos.com.br\/Loja\/wp-json\/wp\/v2\/product_brand?post=3641"},{"taxonomy":"product_cat","embeddable":true,"href":"https:\/\/segtotaltreinamentos.com.br\/Loja\/wp-json\/wp\/v2\/product_cat?post=3641"},{"taxonomy":"product_tag","embeddable":true,"href":"https:\/\/segtotaltreinamentos.com.br\/Loja\/wp-json\/wp\/v2\/product_tag?post=3641"}],"curies":[{"name":"wp","href":"https:\/\/api.w.org\/{rel}","templated":true}]}}