{"id":3839,"date":"2017-06-10T12:52:59","date_gmt":"2017-06-10T12:52:59","guid":{"rendered":"http:\/\/segtotaltreinamentos.com.br\/Loja\/?post_type=product&#038;p=3839"},"modified":"2020-01-22T12:21:54","modified_gmt":"2020-01-22T12:21:54","slug":"sv10-sapato-social-feminino-de-amarrar","status":"publish","type":"product","link":"https:\/\/segtotaltreinamentos.com.br\/Loja\/produto\/sv10-sapato-social-feminino-de-amarrar\/","title":{"rendered":"SV10 Sapato Social Feminino de Amarrar"},"content":{"rendered":"<p>OBS: O pre\u00e7o promocional \u00e9 apenas para pedidos maiores que 15 pares.<\/p>\n<p>Prazo de entrega: 30 a 35 dias<\/p>\n","protected":false},"excerpt":{"rendered":"<p>Sapato ocupacional feminino, tipo social, confeccionado em couro<br \/>\nvaqueta integral de estampa lisa, modelo amarrar. Possui palmilha interna<br \/>\nremov\u00edvel conformada em poliuretano com tratamento antimicr\u00f3bios.<br \/>\nIndicado para uniformiza\u00e7\u00e3o em geral, garantindo conforto<br \/>\ne prote\u00e7\u00e3o aos p\u00e9s da usu\u00e1ria.<\/p>\n","protected":false},"featured_media":3840,"comment_status":"open","ping_status":"closed","template":"","meta":[],"product_brand":[],"product_cat":[16,82,18],"product_tag":[],"class_list":{"0":"post-3839","1":"product","2":"type-product","3":"status-publish","4":"has-post-thumbnail","6":"product_cat-calcados","7":"product_cat-conforto","8":"product_cat-nao-economico","10":"first","11":"outofstock","12":"taxable","13":"shipping-taxable","14":"purchasable","15":"product-type-simple"},"_links":{"self":[{"href":"https:\/\/segtotaltreinamentos.com.br\/Loja\/wp-json\/wp\/v2\/product\/3839","targetHints":{"allow":["GET"]}}],"collection":[{"href":"https:\/\/segtotaltreinamentos.com.br\/Loja\/wp-json\/wp\/v2\/product"}],"about":[{"href":"https:\/\/segtotaltreinamentos.com.br\/Loja\/wp-json\/wp\/v2\/types\/product"}],"replies":[{"embeddable":true,"href":"https:\/\/segtotaltreinamentos.com.br\/Loja\/wp-json\/wp\/v2\/comments?post=3839"}],"wp:featuredmedia":[{"embeddable":true,"href":"https:\/\/segtotaltreinamentos.com.br\/Loja\/wp-json\/wp\/v2\/media\/3840"}],"wp:attachment":[{"href":"https:\/\/segtotaltreinamentos.com.br\/Loja\/wp-json\/wp\/v2\/media?parent=3839"}],"wp:term":[{"taxonomy":"product_brand","embeddable":true,"href":"https:\/\/segtotaltreinamentos.com.br\/Loja\/wp-json\/wp\/v2\/product_brand?post=3839"},{"taxonomy":"product_cat","embeddable":true,"href":"https:\/\/segtotaltreinamentos.com.br\/Loja\/wp-json\/wp\/v2\/product_cat?post=3839"},{"taxonomy":"product_tag","embeddable":true,"href":"https:\/\/segtotaltreinamentos.com.br\/Loja\/wp-json\/wp\/v2\/product_tag?post=3839"}],"curies":[{"name":"wp","href":"https:\/\/api.w.org\/{rel}","templated":true}]}}