{"id":3878,"date":"2017-07-05T19:09:14","date_gmt":"2017-07-05T19:09:14","guid":{"rendered":"http:\/\/segtotaltreinamentos.com.br\/Loja\/?post_type=product&#038;p=3878"},"modified":"2017-07-05T19:09:14","modified_gmt":"2017-07-05T19:09:14","slug":"luva-grip-volk","status":"publish","type":"product","link":"https:\/\/segtotaltreinamentos.com.br\/Loja\/produto\/luva-grip-volk\/","title":{"rendered":"Luva Grip Volk"},"content":{"rendered":"<p><a href=\"https:\/\/segtotaltreinamentos.com.br\/Loja\/wp-content\/uploads\/2017\/07\/36-11022016155439.pdf\">36-11022016155439<\/a><\/p>\n<p><a href=\"https:\/\/segtotaltreinamentos.com.br\/Loja\/wp-content\/uploads\/2017\/07\/40-11022016155439.pdf\">40-11022016155439<\/a><\/p>\n","protected":false},"excerpt":{"rendered":"<h3>Descri\u00e7\u00e3o<\/h3>\n<p>Luva de seguran\u00e7a, tricotada com fios de poli\u00e9ster e algod\u00e3o; revestida na palma, face palmar e pontas dos dedos com l\u00e1tex natural, palma antiderrapante, acabamento rugoso.<\/p>\n<hr \/>\n<h4>Especifica\u00e7\u00f5es<\/h4>\n<p><strong>CA: <\/strong>18007<br \/>\n<strong>Comprimento: <\/strong>25cm<br \/>\n<strong>Tamanhos: <\/strong>7(P) 8 (M) 9 (G) 10 (EG)<br \/>\n<strong>Uso: <\/strong>Reutiliz\u00e1vel<br \/>\n<strong>Formato: <\/strong>Anat\u00f4mico<br \/>\n<strong>Estrutura: <\/strong>Suporte T\u00eaxtil<br \/>\n<strong>Modelo da Estrutura: <\/strong>Tricotado<br \/>\n<strong>Material Suporte: <\/strong>Algod\u00e3o e Poli\u00e9ster<br \/>\n<strong>Punho: <\/strong>Tricotado<br \/>\n<strong>Embalagem: <\/strong>Pacote com 12 pares e Caixa com 144 pares.<br \/>\n<strong>Grip: <\/strong>Corrugado\/ Rugoso<\/p>\n<hr \/>\n<h4>Vantagens e benef\u00edcios<\/h4>\n<p><strong>PROTE\u00c7\u00c3O COM CONFORTO E FLEXIBILIDADE<\/strong> &#8211;\u00a0Tricotada em algod\u00e3o e poli\u00e9ster com revestimento em l\u00e1tex,<br \/>\nproporciona prote\u00e7\u00e3o contra agentes mec\u00e2nicos com \u00f3timo ajuste e flexibilidade<\/p>\n<p><strong>EXCELENTE ADER\u00caNCIA<\/strong> &#8211;\u00a0Revestimento de l\u00e1tex rugoso na palma e ponta dos dedos,\u00a0oferece excelente ader\u00eancia na manipula\u00e7\u00e3o de objetos secos e\/ou molhados<\/p>\n<p><strong>M\u00c3OS AREJADAS<\/strong> &#8211;\u00a0Dorso ventilado, permite \u00f3tima ventila\u00e7\u00e3o deixando a m\u00e3o arejada<\/p>\n<p><strong>DURABILIDADE<\/strong> &#8211;\u00a0Evolu\u00e7\u00e3o das luvas de malha pigmentadas<\/p>\n<p><strong>FORMATO ANAT\u00d4MICO<\/strong> &#8211;\u00a0Redu\u00e7\u00e3o da fadiga muscular<\/p>\n<p><strong>PUNHO TRICOTADO<\/strong> &#8211;\u00a0Evita a entrada de res\u00edduos s\u00f3lidos<\/p>\n<p><strong>TAMANHOS DIFERENCIADOS POR CORES<\/strong> &#8211;\u00a0Diferencia\u00e7\u00e3o nas cores do punho, facilitando a identifica\u00e7\u00e3o dos tamanhos<\/p>\n<p><strong>REDU\u00c7\u00c3O\u00a0DE CUSTOS<\/strong> &#8211;\u00a0Luvas lav\u00e1veis e reutiliz\u00e1veis. Aumenta consideravelmente o ciclo de vida da luva e reduz os custos da empresa.<\/p>\n<h4>Aplica\u00e7\u00f5es<\/h4>\n<p>Indicada em trabalhos leves e m\u00e9dios, para prote\u00e7\u00e3o das m\u00e3os dos trabalhadores contra agentes mec\u00e2nicos, nas atividades em canteiros de obra, manuseio e movimenta\u00e7\u00e3o de materiais de constru\u00e7\u00e3o, vergalh\u00f5es, cordas, cabos, movimenta\u00e7\u00e3o de andaimes, carpintaria e marcenaria, arma\u00e7\u00e3o, alvenaria, coloca\u00e7\u00e3o de telhas e azulejos, coleta de res\u00edduos, reciclagem, agricultura, jardinagem e paisag\u00edsmo, manuten\u00e7\u00e3o e uso geral.<\/p>\n<hr \/>\n<h4>Potenciais clientes<\/h4>\n<p>Constru\u00e7\u00e3o civil, metalmec\u00e2nica, cer\u00e2mica, aeron\u00e1utica, automotiva, atividades manuais, transportadoras, armaz\u00e9ns log\u00edsticos, terminais de cargas, mineradoras, ind\u00fastrias petrol\u00edferas, prestadoras de servi\u00e7os e outras.<\/p>\n<hr \/>\n","protected":false},"featured_media":3879,"comment_status":"open","ping_status":"closed","template":"","meta":[],"product_brand":[],"product_cat":[6,51,86],"product_tag":[],"class_list":{"0":"post-3878","1":"product","2":"type-product","3":"status-publish","4":"has-post-thumbnail","6":"product_cat-luvas","7":"product_cat-tato-destreza","8":"product_cat-volk","10":"first","11":"outofstock","12":"taxable","13":"shipping-taxable","14":"purchasable","15":"product-type-simple"},"_links":{"self":[{"href":"https:\/\/segtotaltreinamentos.com.br\/Loja\/wp-json\/wp\/v2\/product\/3878","targetHints":{"allow":["GET"]}}],"collection":[{"href":"https:\/\/segtotaltreinamentos.com.br\/Loja\/wp-json\/wp\/v2\/product"}],"about":[{"href":"https:\/\/segtotaltreinamentos.com.br\/Loja\/wp-json\/wp\/v2\/types\/product"}],"replies":[{"embeddable":true,"href":"https:\/\/segtotaltreinamentos.com.br\/Loja\/wp-json\/wp\/v2\/comments?post=3878"}],"wp:featuredmedia":[{"embeddable":true,"href":"https:\/\/segtotaltreinamentos.com.br\/Loja\/wp-json\/wp\/v2\/media\/3879"}],"wp:attachment":[{"href":"https:\/\/segtotaltreinamentos.com.br\/Loja\/wp-json\/wp\/v2\/media?parent=3878"}],"wp:term":[{"taxonomy":"product_brand","embeddable":true,"href":"https:\/\/segtotaltreinamentos.com.br\/Loja\/wp-json\/wp\/v2\/product_brand?post=3878"},{"taxonomy":"product_cat","embeddable":true,"href":"https:\/\/segtotaltreinamentos.com.br\/Loja\/wp-json\/wp\/v2\/product_cat?post=3878"},{"taxonomy":"product_tag","embeddable":true,"href":"https:\/\/segtotaltreinamentos.com.br\/Loja\/wp-json\/wp\/v2\/product_tag?post=3878"}],"curies":[{"name":"wp","href":"https:\/\/api.w.org\/{rel}","templated":true}]}}