{"id":3882,"date":"2017-07-05T19:16:20","date_gmt":"2017-07-05T19:16:20","guid":{"rendered":"http:\/\/segtotaltreinamentos.com.br\/Loja\/?post_type=product&#038;p=3882"},"modified":"2017-07-05T19:16:20","modified_gmt":"2017-07-05T19:16:20","slug":"luva-volknit-malha","status":"publish","type":"product","link":"https:\/\/segtotaltreinamentos.com.br\/Loja\/produto\/luva-volknit-malha\/","title":{"rendered":"Luva Volknit Malha"},"content":{"rendered":"<p><a href=\"https:\/\/segtotaltreinamentos.com.br\/Loja\/wp-content\/uploads\/2017\/07\/14-11022016165251.pdf\">14-11022016165251<\/a><\/p>\n<p><a href=\"https:\/\/segtotaltreinamentos.com.br\/Loja\/wp-content\/uploads\/2017\/07\/48-11022016165251.pdf\">48-11022016165251<\/a><\/p>\n","protected":false},"excerpt":{"rendered":"<h3>Descri\u00e7\u00e3o<\/h3>\n<p>Luva de seguran\u00e7a confeccionada em suporte t\u00eaxtil de algod\u00e3o, revestida em borracha nitrilica na palma e dorso, punho em malha.<\/p>\n<hr \/>\n<h4>Especifica\u00e7\u00f5es<\/h4>\n<p><strong>CA: <\/strong>25084<br \/>\n<strong>Comprimento: <\/strong>25cm<br \/>\n<strong>Tamanhos: <\/strong>8(M) \u00a09(G) \u00a010(EG)<br \/>\n<strong>Uso: <\/strong>Reutiliz\u00e1vel<br \/>\n<strong>Formato: <\/strong>Anat\u00f4mico<br \/>\n<strong>Estrutura: <\/strong>Suporte T\u00eaxtil<br \/>\n<strong>Modelo da Estrutura: <\/strong>Montado\/ Costurado<br \/>\n<strong>Material Suporte: <\/strong>Algod\u00e3o<br \/>\n<strong>Punho: <\/strong>Malha<br \/>\n<strong>Embalagem: <\/strong>Pacote com 12 pares e Caixa com 144 pares.<br \/>\n<strong>Grip: <\/strong>Liso<\/p>\n<hr \/>\n<h4>Vantagens e benef\u00edcios<\/h4>\n<p><strong>PROTE\u00c7\u00c3O MEC\u00c2NICA E QU\u00cdMICA<\/strong> &#8211; Revestimento na palma e dorso com borracha nitr\u00edlica. Protege as m\u00e3os e os dedos dos agentes mec\u00e2nicos, de \u00f3leos, graxas e outros flu\u00eddos qu\u00edmicos<\/p>\n<p><strong>\u00d3TIMA ADER\u00caNCIA E RESIST\u00caNCIA<\/strong> &#8211; Revestimento liso proporciona \u00f3tima ader\u00eancia a pe\u00e7as secas e\u00a0\u00f3tima resist\u00eancia a abras\u00e3o e produtos qu\u00edmicos<\/p>\n<p><strong>FORMATO ANAT\u00d4MICO<\/strong> &#8211;\u00a0Redu\u00e7\u00e3o da fadiga muscular<\/p>\n<p><strong>PUNHO TRICOTADO<\/strong> &#8211;\u00a0Evita a entrada de res\u00edduos s\u00f3lidos<\/p>\n<p><strong>REDU\u00c7\u00c3O DE CUSTOS<\/strong>\u00a0&#8211; Luvas lav\u00e1veis e reutiliz\u00e1veis. Aumenta consideravelmente o ciclo de vida da luva e reduz os custos da empresa<\/p>\n<p><strong>SAQUE R\u00c1PIDO<\/strong> &#8211; Confeccionada em lona, permite r\u00e1pida remo\u00e7\u00e3o da luva e prote\u00e7\u00e3o do pulso do usu\u00e1rio<\/p>\n<p>Excelente op\u00e7\u00e3o para substituir as luvas de malha e luvas de raspa e vaqueta em opera\u00e7\u00f5es que n\u00e3o envolvam soldas.<\/p>\n<h4>Aplica\u00e7\u00f5es<\/h4>\n<p>Indicada para trabalhos de precis\u00e3o com m\u00e9dias e altas agress\u00f5es, incluindo a presen\u00e7a de fluidos qu\u00edmicos. Utilizada nos setores operacionais para manuseio de pe\u00e7as ou chapas secas ou oleosas, montagens, manuten\u00e7\u00e3o e servi\u00e7os em geral, armazenagens, alvenaria, produ\u00e7\u00e3o de baterias e outros.<\/p>\n<hr \/>\n<h4>Potenciais clientes<\/h4>\n<p>Ind\u00fastrias automotivas, metalmec\u00e2nica, Usinagem, Pl\u00e1stica, Naval, Aeron\u00e1utica, Celulose, Constru\u00e7\u00e3o Civil, Transportadoras, Eletrodom\u00e9sticos, Moveleira, Presta\u00e7\u00e3o de Servi\u00e7os, Instaladores Industriais, Industrias Qu\u00edmicas, Implementos rodovi\u00e1rios e agr\u00edcolas e outras.<\/p>\n","protected":false},"featured_media":3886,"comment_status":"open","ping_status":"closed","template":"","meta":[],"product_brand":[],"product_cat":[6,9],"product_tag":[],"class_list":{"0":"post-3882","1":"product","2":"type-product","3":"status-publish","4":"has-post-thumbnail","6":"product_cat-luvas","7":"product_cat-luvas-quimico","9":"first","10":"outofstock","11":"taxable","12":"shipping-taxable","13":"purchasable","14":"product-type-simple"},"_links":{"self":[{"href":"https:\/\/segtotaltreinamentos.com.br\/Loja\/wp-json\/wp\/v2\/product\/3882","targetHints":{"allow":["GET"]}}],"collection":[{"href":"https:\/\/segtotaltreinamentos.com.br\/Loja\/wp-json\/wp\/v2\/product"}],"about":[{"href":"https:\/\/segtotaltreinamentos.com.br\/Loja\/wp-json\/wp\/v2\/types\/product"}],"replies":[{"embeddable":true,"href":"https:\/\/segtotaltreinamentos.com.br\/Loja\/wp-json\/wp\/v2\/comments?post=3882"}],"wp:featuredmedia":[{"embeddable":true,"href":"https:\/\/segtotaltreinamentos.com.br\/Loja\/wp-json\/wp\/v2\/media\/3886"}],"wp:attachment":[{"href":"https:\/\/segtotaltreinamentos.com.br\/Loja\/wp-json\/wp\/v2\/media?parent=3882"}],"wp:term":[{"taxonomy":"product_brand","embeddable":true,"href":"https:\/\/segtotaltreinamentos.com.br\/Loja\/wp-json\/wp\/v2\/product_brand?post=3882"},{"taxonomy":"product_cat","embeddable":true,"href":"https:\/\/segtotaltreinamentos.com.br\/Loja\/wp-json\/wp\/v2\/product_cat?post=3882"},{"taxonomy":"product_tag","embeddable":true,"href":"https:\/\/segtotaltreinamentos.com.br\/Loja\/wp-json\/wp\/v2\/product_tag?post=3882"}],"curies":[{"name":"wp","href":"https:\/\/api.w.org\/{rel}","templated":true}]}}