{"id":3922,"date":"2017-07-12T18:51:35","date_gmt":"2017-07-12T18:51:35","guid":{"rendered":"http:\/\/segtotaltreinamentos.com.br\/Loja\/?post_type=product&#038;p=3922"},"modified":"2017-07-12T18:51:35","modified_gmt":"2017-07-12T18:51:35","slug":"meiao-termico","status":"publish","type":"product","link":"https:\/\/segtotaltreinamentos.com.br\/Loja\/produto\/meiao-termico\/","title":{"rendered":"MEIAO TERMICO"},"content":{"rendered":"<p>MEIAO TERMICO CRU PRETO<br \/>\nMei\u00e3o de seguran\u00e7a, confeccionado em fio de<br \/>\nalgod\u00e3o e poli\u00e9ster, elastodieno, modelo tubular,<br \/>\nIndicada para uso em<br \/>\ncozinhas industriais,<br \/>\n\u00daNICO<br \/>\natoalhado.<br \/>\nfrigor\u00edficos e ind\u00fastrias<br \/>\naliment\u00edcias<br \/>\n\u00daNICO<br \/>\nCA10977<\/p>\n","protected":false},"excerpt":{"rendered":"<p>MEIAO TERMICO CRU PRETO Mei\u00e3o de seguran\u00e7a, confeccionado em fio de algod\u00e3o e poli\u00e9ster, elastodieno, modelo tubular, Indicada para uso&hellip;<\/p>\n","protected":false},"featured_media":3923,"comment_status":"open","ping_status":"closed","template":"","meta":[],"product_brand":[],"product_cat":[119,122],"product_tag":[],"class_list":{"0":"post-3922","1":"product","2":"type-product","3":"status-publish","4":"has-post-thumbnail","6":"product_cat-frio-tipo","7":"product_cat-maicol","9":"first","10":"outofstock","11":"taxable","12":"shipping-taxable","13":"purchasable","14":"product-type-simple"},"_links":{"self":[{"href":"https:\/\/segtotaltreinamentos.com.br\/Loja\/wp-json\/wp\/v2\/product\/3922","targetHints":{"allow":["GET"]}}],"collection":[{"href":"https:\/\/segtotaltreinamentos.com.br\/Loja\/wp-json\/wp\/v2\/product"}],"about":[{"href":"https:\/\/segtotaltreinamentos.com.br\/Loja\/wp-json\/wp\/v2\/types\/product"}],"replies":[{"embeddable":true,"href":"https:\/\/segtotaltreinamentos.com.br\/Loja\/wp-json\/wp\/v2\/comments?post=3922"}],"wp:featuredmedia":[{"embeddable":true,"href":"https:\/\/segtotaltreinamentos.com.br\/Loja\/wp-json\/wp\/v2\/media\/3923"}],"wp:attachment":[{"href":"https:\/\/segtotaltreinamentos.com.br\/Loja\/wp-json\/wp\/v2\/media?parent=3922"}],"wp:term":[{"taxonomy":"product_brand","embeddable":true,"href":"https:\/\/segtotaltreinamentos.com.br\/Loja\/wp-json\/wp\/v2\/product_brand?post=3922"},{"taxonomy":"product_cat","embeddable":true,"href":"https:\/\/segtotaltreinamentos.com.br\/Loja\/wp-json\/wp\/v2\/product_cat?post=3922"},{"taxonomy":"product_tag","embeddable":true,"href":"https:\/\/segtotaltreinamentos.com.br\/Loja\/wp-json\/wp\/v2\/product_tag?post=3922"}],"curies":[{"name":"wp","href":"https:\/\/api.w.org\/{rel}","templated":true}]}}