{"id":3990,"date":"2017-07-26T20:47:10","date_gmt":"2017-07-26T20:47:10","guid":{"rendered":"http:\/\/segtotaltreinamentos.com.br\/Loja\/?post_type=product&#038;p=3990"},"modified":"2019-11-16T13:27:03","modified_gmt":"2019-11-16T13:27:03","slug":"filtro-mecanico-2078-3m-par","status":"publish","type":"product","link":"https:\/\/segtotaltreinamentos.com.br\/Loja\/produto\/filtro-mecanico-2078-3m-par\/","title":{"rendered":"Filtro Mec\u00e2nico 2078 3M &#8211; PAR"},"content":{"rendered":"<p><a href=\"https:\/\/segtotaltreinamentos.com.br\/Loja\/wp-content\/uploads\/2017\/07\/FILTRO-2078-DA-3M-p\u00e1ginas-1-37.pdf\">FILTRO 2078 DA 3M-p\u00e1ginas-1-3,7<\/a><\/p>\n","protected":false},"excerpt":{"rendered":"<div id=\"information\">\n<div class=\"attributes\">\n<p>&nbsp;<\/p>\n<div class=\"brand\"><span class=\"brand\"><strong>Marca:<\/strong> 3M<\/span><\/div>\n<p><span class=\"attribute attr-ca\"><strong>C.A<\/strong>\u00a04115<\/span> <span class=\"attribute attr-nbr\"><strong>Norma:<\/strong>\u00a013697\/2010<\/span><\/p>\n<\/div>\n<\/div>\n<div class=\"price\"><\/div>\n<div id=\"description\">\n<p><strong class=\"title\">Descri\u00e7\u00e3o:<\/strong><\/p>\n<div class=\"description scroll\">\n<div class=\"jspContainer\">\n<div class=\"jspPane\">\n<div>\n<p>Os filtros mec\u00e2nicos e combinados s\u00e3o compostos por n\u00e3o-tecido de microfibras tratadas eletrostaticamente possui filtro mec\u00e2nico e qu\u00edmico, existe tamb\u00e9m em sua composi\u00e7\u00e3o carv\u00e3o ativado ou outro material absorvente dependendo da aplica\u00e7\u00e3o a que se destina.<\/p>\n<\/div>\n<\/div>\n<\/div>\n<\/div>\n<\/div>\n","protected":false},"featured_media":3991,"comment_status":"open","ping_status":"closed","template":"","meta":[],"product_brand":[],"product_cat":[60,124,24],"product_tag":[],"class_list":{"0":"post-3990","1":"product","2":"type-product","3":"status-publish","4":"has-post-thumbnail","6":"product_cat-3m","7":"product_cat-filtro","8":"product_cat-respirador","10":"first","11":"onbackorder","12":"sale","13":"taxable","14":"shipping-taxable","15":"purchasable","16":"product-type-simple"},"_links":{"self":[{"href":"https:\/\/segtotaltreinamentos.com.br\/Loja\/wp-json\/wp\/v2\/product\/3990","targetHints":{"allow":["GET"]}}],"collection":[{"href":"https:\/\/segtotaltreinamentos.com.br\/Loja\/wp-json\/wp\/v2\/product"}],"about":[{"href":"https:\/\/segtotaltreinamentos.com.br\/Loja\/wp-json\/wp\/v2\/types\/product"}],"replies":[{"embeddable":true,"href":"https:\/\/segtotaltreinamentos.com.br\/Loja\/wp-json\/wp\/v2\/comments?post=3990"}],"wp:featuredmedia":[{"embeddable":true,"href":"https:\/\/segtotaltreinamentos.com.br\/Loja\/wp-json\/wp\/v2\/media\/3991"}],"wp:attachment":[{"href":"https:\/\/segtotaltreinamentos.com.br\/Loja\/wp-json\/wp\/v2\/media?parent=3990"}],"wp:term":[{"taxonomy":"product_brand","embeddable":true,"href":"https:\/\/segtotaltreinamentos.com.br\/Loja\/wp-json\/wp\/v2\/product_brand?post=3990"},{"taxonomy":"product_cat","embeddable":true,"href":"https:\/\/segtotaltreinamentos.com.br\/Loja\/wp-json\/wp\/v2\/product_cat?post=3990"},{"taxonomy":"product_tag","embeddable":true,"href":"https:\/\/segtotaltreinamentos.com.br\/Loja\/wp-json\/wp\/v2\/product_tag?post=3990"}],"curies":[{"name":"wp","href":"https:\/\/api.w.org\/{rel}","templated":true}]}}