{"id":4013,"date":"2017-07-28T17:38:48","date_gmt":"2017-07-28T17:38:48","guid":{"rendered":"http:\/\/segtotaltreinamentos.com.br\/Loja\/?post_type=product&#038;p=4013"},"modified":"2017-08-02T17:41:38","modified_gmt":"2017-08-02T17:41:38","slug":"filtro-2071-p95-par","status":"publish","type":"product","link":"https:\/\/segtotaltreinamentos.com.br\/Loja\/produto\/filtro-2071-p95-par\/","title":{"rendered":"Filtro 2071 (P95) &#8211; PAR"},"content":{"rendered":"","protected":false},"excerpt":{"rendered":"<div id=\"information\"><\/div>\n<div id=\"description\">\n<div class=\"description scroll\">\n<div class=\"jspContainer\">\n<div class=\"jspPane\">\n<div>\n<div id=\"information\">\n<div class=\"attributes\">\n<div class=\"brand\"><span class=\"brand\"><strong>Marca:<\/strong> 3M<\/span><\/div>\n<p><span class=\"attribute attr-ca\"><strong>C.A<\/strong>\u00a04115<\/span> <span class=\"attribute attr-nbr\"><strong>Norma:<\/strong>\u00a013697\/2010<\/span><\/p>\n<\/div>\n<\/div>\n<div class=\"price\"><\/div>\n<div id=\"description\">\n<p><strong class=\"title\">Descri\u00e7\u00e3o:<\/strong><\/p>\n<div class=\"description scroll jspScrollable\" tabindex=\"0\">\n<div class=\"jspContainer\">\n<div class=\"jspPane\">\n<div>\n<p>Os filtros mec\u00e2nicos s\u00e3o compostos por n\u00e3o-tecido de microfibras tratadas eletrostaticamente.<\/p>\n<\/div>\n<\/div>\n<\/div>\n<\/div>\n<\/div>\n<\/div>\n<\/div>\n<\/div>\n<\/div>\n<\/div>\n","protected":false},"featured_media":4014,"comment_status":"open","ping_status":"closed","template":"","meta":[],"product_brand":[],"product_cat":[60,124,24],"product_tag":[],"class_list":{"0":"post-4013","1":"product","2":"type-product","3":"status-publish","4":"has-post-thumbnail","6":"product_cat-3m","7":"product_cat-filtro","8":"product_cat-respirador","10":"first","11":"outofstock","12":"sale","13":"taxable","14":"shipping-taxable","15":"purchasable","16":"product-type-simple"},"_links":{"self":[{"href":"https:\/\/segtotaltreinamentos.com.br\/Loja\/wp-json\/wp\/v2\/product\/4013","targetHints":{"allow":["GET"]}}],"collection":[{"href":"https:\/\/segtotaltreinamentos.com.br\/Loja\/wp-json\/wp\/v2\/product"}],"about":[{"href":"https:\/\/segtotaltreinamentos.com.br\/Loja\/wp-json\/wp\/v2\/types\/product"}],"replies":[{"embeddable":true,"href":"https:\/\/segtotaltreinamentos.com.br\/Loja\/wp-json\/wp\/v2\/comments?post=4013"}],"wp:featuredmedia":[{"embeddable":true,"href":"https:\/\/segtotaltreinamentos.com.br\/Loja\/wp-json\/wp\/v2\/media\/4014"}],"wp:attachment":[{"href":"https:\/\/segtotaltreinamentos.com.br\/Loja\/wp-json\/wp\/v2\/media?parent=4013"}],"wp:term":[{"taxonomy":"product_brand","embeddable":true,"href":"https:\/\/segtotaltreinamentos.com.br\/Loja\/wp-json\/wp\/v2\/product_brand?post=4013"},{"taxonomy":"product_cat","embeddable":true,"href":"https:\/\/segtotaltreinamentos.com.br\/Loja\/wp-json\/wp\/v2\/product_cat?post=4013"},{"taxonomy":"product_tag","embeddable":true,"href":"https:\/\/segtotaltreinamentos.com.br\/Loja\/wp-json\/wp\/v2\/product_tag?post=4013"}],"curies":[{"name":"wp","href":"https:\/\/api.w.org\/{rel}","templated":true}]}}