{"id":4883,"date":"2018-09-16T16:24:02","date_gmt":"2018-09-16T16:24:02","guid":{"rendered":"http:\/\/segtotaltreinamentos.com.br\/Loja\/?post_type=product&#038;p=4883"},"modified":"2019-01-12T18:22:16","modified_gmt":"2019-01-12T18:22:16","slug":"descensor-evo-d01","status":"publish","type":"product","link":"https:\/\/segtotaltreinamentos.com.br\/Loja\/produto\/descensor-evo-d01\/","title":{"rendered":"Descensor Evo D01"},"content":{"rendered":"","protected":false},"excerpt":{"rendered":"<p>Descensor Evo D01<br \/>\nA fam\u00edlia de descens ores EVO foi<br \/>\ndesenvolvido para uso em atividades<br \/>\nverticais, incluindo: Acesso por corda,<br \/>\nsistemas de resgate por corda, trabalho<br \/>\nem altura e atividades de aventura,<br \/>\nincluindo: rapel, descida cachoeira e<br \/>\nravinas. O EVO foi testado em<br \/>\nconformidade com a norma EN 12841<br \/>\n2006 Tipo C para ser utilizado com cordas<br \/>\nsemi est\u00e1ticas com baixa elasticidade com<br \/>\ndi\u00e2metros entre 10,5 e 11,5 mil\u00edmetros. O<br \/>\nEVO \u00e9 um Descensor Auto Blocante com<br \/>\ndispositivo anti p\u00e2nico. Este recurso anti<br \/>\np\u00e2nico fornece prote\u00e7\u00e3o adicional caso o<br \/>\nusu\u00e1rio ativar a alavanca de controle<br \/>\nacidentalmente. Descensor Evo D01 vem<br \/>\nequipado com: Sistema anti-p\u00e2nico e<br \/>\nling\u00fceta clip de arame que facilita a<br \/>\ncoloca\u00e7\u00e3o e retirada da corda. Este<br \/>\nmodelo \u00e9 o modelo mais completo da<br \/>\nfam\u00edlia EVO.<br \/>\nEste equipamento permite que o usu\u00e1rio<br \/>\nefetue manobras como:<br \/>\n&#8211; Descidas controladas por corda.<br \/>\n&#8211; Sistema Anti panico.<br \/>\n&#8211; Movimentar-se na horizontal ou planos<br \/>\ninclinados.<\/p>\n<p>&#8211; Se posicionar no ponto de trabalho sem<br \/>\nter que bloquear ou amarrar o aparelho.<br \/>\n&#8211; Tamb\u00e9m pode ser usado para fazer um<br \/>\nsistema de transporte de carga em<br \/>\nprogress\u00e3o, e subidas curtas em corda<br \/>\n(atrav\u00e9s da adi\u00e7\u00e3o de um estribo de p\u00e9<br \/>\nmodelo Stec S01).<br \/>\n&#8211; Placa lateral com CLIP, permitindo<br \/>\ncolocar e remover da corda rapidamente.<br \/>\nPermite descida de carga pesada de at\u00e9<br \/>\n250 kg (apenas para usu\u00e1rios experientes,<br \/>\nconsultar as instru\u00e7\u00f5es de uso para o<br \/>\ndispositivo em www.safetecbr.com.br)<br \/>\nDispon\u00edvel na cor bronze.<br \/>\nModelo: D01<br \/>\nCor: Bronze<br \/>\nSistema Anti panico<br \/>\nMateriais: alum\u00ednio, a\u00e7o inoxid\u00e1vel, nylon<br \/>\nCertifica\u00e7\u00e3o: EN 12841 2006 Tipo C<br \/>\nPeso: 315g<\/p>\n","protected":false},"featured_media":4884,"comment_status":"open","ping_status":"closed","template":"","meta":[],"product_brand":[],"product_cat":[146,137,32],"product_tag":[],"class_list":{"0":"post-4883","1":"product","2":"type-product","3":"status-publish","4":"has-post-thumbnail","6":"product_cat-descensores","7":"product_cat-lbr-group","8":"product_cat-trabalho-em-altura","10":"first","11":"onbackorder","12":"taxable","13":"shipping-taxable","14":"purchasable","15":"product-type-simple"},"_links":{"self":[{"href":"https:\/\/segtotaltreinamentos.com.br\/Loja\/wp-json\/wp\/v2\/product\/4883","targetHints":{"allow":["GET"]}}],"collection":[{"href":"https:\/\/segtotaltreinamentos.com.br\/Loja\/wp-json\/wp\/v2\/product"}],"about":[{"href":"https:\/\/segtotaltreinamentos.com.br\/Loja\/wp-json\/wp\/v2\/types\/product"}],"replies":[{"embeddable":true,"href":"https:\/\/segtotaltreinamentos.com.br\/Loja\/wp-json\/wp\/v2\/comments?post=4883"}],"wp:featuredmedia":[{"embeddable":true,"href":"https:\/\/segtotaltreinamentos.com.br\/Loja\/wp-json\/wp\/v2\/media\/4884"}],"wp:attachment":[{"href":"https:\/\/segtotaltreinamentos.com.br\/Loja\/wp-json\/wp\/v2\/media?parent=4883"}],"wp:term":[{"taxonomy":"product_brand","embeddable":true,"href":"https:\/\/segtotaltreinamentos.com.br\/Loja\/wp-json\/wp\/v2\/product_brand?post=4883"},{"taxonomy":"product_cat","embeddable":true,"href":"https:\/\/segtotaltreinamentos.com.br\/Loja\/wp-json\/wp\/v2\/product_cat?post=4883"},{"taxonomy":"product_tag","embeddable":true,"href":"https:\/\/segtotaltreinamentos.com.br\/Loja\/wp-json\/wp\/v2\/product_tag?post=4883"}],"curies":[{"name":"wp","href":"https:\/\/api.w.org\/{rel}","templated":true}]}}