{"id":5137,"date":"2019-01-12T11:56:16","date_gmt":"2019-01-12T11:56:16","guid":{"rendered":"http:\/\/segtotaltreinamentos.com.br\/Loja\/?post_type=product&#038;p=5137"},"modified":"2019-01-12T18:09:38","modified_gmt":"2019-01-12T18:09:38","slug":"balde-bucket-stec-st01","status":"publish","type":"product","link":"https:\/\/segtotaltreinamentos.com.br\/Loja\/produto\/balde-bucket-stec-st01\/","title":{"rendered":"Balde Bucket Stec &#8211; ST01"},"content":{"rendered":"","protected":false},"excerpt":{"rendered":"<p>Balde multiuso para trabalho em altura. Facilita o manuseio de ferramentas e pequenas pe\u00e7as. (parafusos, porcas etc). Confeccionado em lona, possui al\u00e7as de fixa\u00e7\u00e3o e sistema de abertura da boca ajust\u00e1vel, \u00e9 muito vers\u00e1til podendo ser guardado facilmente.<\/p>\n<p>&nbsp;<\/p>\n<div>Capacidade: 10L<\/div>\n<div><\/div>\n<div>Detalhe: Boca de seguran\u00e7a<\/div>\n<div><\/div>\n<div>Material: Lona vin\u00edlica<\/div>\n<div><\/div>\n<div>Peso: 435g<\/div>\n<div><\/div>\n<div>C\u00f3digo: ST03<\/div>\n","protected":false},"featured_media":5138,"comment_status":"open","ping_status":"closed","template":"","meta":[],"product_brand":[],"product_cat":[147,138,32],"product_tag":[],"class_list":{"0":"post-5137","1":"product","2":"type-product","3":"status-publish","4":"has-post-thumbnail","6":"product_cat-bolsas-e-mochilas","7":"product_cat-stec","8":"product_cat-trabalho-em-altura","10":"first","11":"onbackorder","12":"taxable","13":"shipping-taxable","14":"purchasable","15":"product-type-simple"},"_links":{"self":[{"href":"https:\/\/segtotaltreinamentos.com.br\/Loja\/wp-json\/wp\/v2\/product\/5137","targetHints":{"allow":["GET"]}}],"collection":[{"href":"https:\/\/segtotaltreinamentos.com.br\/Loja\/wp-json\/wp\/v2\/product"}],"about":[{"href":"https:\/\/segtotaltreinamentos.com.br\/Loja\/wp-json\/wp\/v2\/types\/product"}],"replies":[{"embeddable":true,"href":"https:\/\/segtotaltreinamentos.com.br\/Loja\/wp-json\/wp\/v2\/comments?post=5137"}],"wp:featuredmedia":[{"embeddable":true,"href":"https:\/\/segtotaltreinamentos.com.br\/Loja\/wp-json\/wp\/v2\/media\/5138"}],"wp:attachment":[{"href":"https:\/\/segtotaltreinamentos.com.br\/Loja\/wp-json\/wp\/v2\/media?parent=5137"}],"wp:term":[{"taxonomy":"product_brand","embeddable":true,"href":"https:\/\/segtotaltreinamentos.com.br\/Loja\/wp-json\/wp\/v2\/product_brand?post=5137"},{"taxonomy":"product_cat","embeddable":true,"href":"https:\/\/segtotaltreinamentos.com.br\/Loja\/wp-json\/wp\/v2\/product_cat?post=5137"},{"taxonomy":"product_tag","embeddable":true,"href":"https:\/\/segtotaltreinamentos.com.br\/Loja\/wp-json\/wp\/v2\/product_tag?post=5137"}],"curies":[{"name":"wp","href":"https:\/\/api.w.org\/{rel}","templated":true}]}}