{"id":5169,"date":"2019-01-12T13:11:23","date_gmt":"2019-01-12T13:11:23","guid":{"rendered":"http:\/\/segtotaltreinamentos.com.br\/Loja\/?post_type=product&#038;p=5169"},"modified":"2019-01-12T17:58:37","modified_gmt":"2019-01-12T17:58:37","slug":"trava-quedas-en-forcer-t03l","status":"publish","type":"product","link":"https:\/\/segtotaltreinamentos.com.br\/Loja\/produto\/trava-quedas-en-forcer-t03l\/","title":{"rendered":"TRAVA QUEDAS EN FORCER &#8211; T03L"},"content":{"rendered":"<p><a href=\"https:\/\/segtotaltreinamentos.com.br\/Loja\/wp-content\/uploads\/2019\/01\/en-forcer-manual-port-br-t-03-rev-version-maio-2018-web-pdf_1526918858.pdf\">en-forcer-manual-port-br-t-03-rev-version-maio-2018-web-pdf_1526918858<\/a><\/p>\n<p><a href=\"https:\/\/segtotaltreinamentos.com.br\/Loja\/wp-content\/uploads\/2019\/01\/enforcer-english-uk-cp-t03-pdf_1527114505.pdf\">enforcer-english-uk-cp-t03-pdf_1527114505<\/a><a href=\"https:\/\/segtotaltreinamentos.com.br\/Loja\/wp-content\/uploads\/2019\/01\/en-forcer-info-adicionais-1-pdf_1532701346.pdf\">en-forcer-info-adicionais-1-pdf_1532701346<\/a><\/p>\n<p><a href=\"https:\/\/segtotaltreinamentos.com.br\/Loja\/wp-content\/uploads\/2019\/01\/en-forcer-declaration-of-conformity-pdf_1540836510.pdf\">en-forcer-declaration-of-conformity-pdf_1540836510<\/a><\/p>\n","protected":false},"excerpt":{"rendered":"<p>O TRAVAQUEDAS DESLIZANTE EM LINHA FLEX\u00cdVEL\u00a0<strong>EN FORCER<\/strong>\u00a0\u00e9 um equipamento de prote\u00e7\u00e3o contraquedas em trabalho em altura. Este conjunto \u00e9 composto de travaquedas deslizante com bloqueio autom\u00e1tico (EN\u00a0FORCER), que \u00e9 unido \u00e0 linha flex\u00edvel por um extensor flex\u00edvel de 50 cm (EX03*) e dois conectores de a\u00e7o modelo (COB*) Stec. O EN FORCER foi testado para os requisitos da NBR 14626 &#8211; Equipamento de prote\u00e7\u00e3o individual contra queda de altura &#8211; Trava-quedas deslizante guiado em linha flex\u00edvel com extensor. Deve ser instalado em linha de ancoragem flex\u00edvel constitu\u00edda de uma corda de poliamida tran\u00e7ada do tipo (alma e capa NBR 15986) de 11 mm. Usar somente em linha de ancoragem de Cordas de fibras sint\u00e9ticas planejada para ser fixada em um ponto de ancoragem superior. Para ser usado em conjunto com outros dispositivos estes devem atender as normas vigentes. Cada ponto de ancoragem independente, deve ter resist\u00eancia mec\u00e2nica superior a 15 kN, destinado a fixar a linha de ancoragem flex\u00edvel.<\/p>\n<p><em>* Conectores e extensor de reposi\u00e7\u00e3o podem ser adquiridos separados.<\/em><\/p>\n<p>&nbsp;<\/p>\n<p>Corpo: A\u00e7o Inox<\/p>\n<p>NBR 14626<\/p>\n<p>CA:\u00a036677<\/p>\n<p>CA: 36678<\/p>\n<p>Peso: 305 g<\/p>\n<p>C\u00f3digo: T03L<\/p>\n","protected":false},"featured_media":5170,"comment_status":"open","ping_status":"closed","template":"","meta":[],"product_brand":[],"product_cat":[138,32,145],"product_tag":[],"class_list":{"0":"post-5169","1":"product","2":"type-product","3":"status-publish","4":"has-post-thumbnail","6":"product_cat-stec","7":"product_cat-trabalho-em-altura","8":"product_cat-trava-quedas","10":"first","11":"onbackorder","12":"taxable","13":"shipping-taxable","14":"purchasable","15":"product-type-simple"},"_links":{"self":[{"href":"https:\/\/segtotaltreinamentos.com.br\/Loja\/wp-json\/wp\/v2\/product\/5169","targetHints":{"allow":["GET"]}}],"collection":[{"href":"https:\/\/segtotaltreinamentos.com.br\/Loja\/wp-json\/wp\/v2\/product"}],"about":[{"href":"https:\/\/segtotaltreinamentos.com.br\/Loja\/wp-json\/wp\/v2\/types\/product"}],"replies":[{"embeddable":true,"href":"https:\/\/segtotaltreinamentos.com.br\/Loja\/wp-json\/wp\/v2\/comments?post=5169"}],"wp:featuredmedia":[{"embeddable":true,"href":"https:\/\/segtotaltreinamentos.com.br\/Loja\/wp-json\/wp\/v2\/media\/5170"}],"wp:attachment":[{"href":"https:\/\/segtotaltreinamentos.com.br\/Loja\/wp-json\/wp\/v2\/media?parent=5169"}],"wp:term":[{"taxonomy":"product_brand","embeddable":true,"href":"https:\/\/segtotaltreinamentos.com.br\/Loja\/wp-json\/wp\/v2\/product_brand?post=5169"},{"taxonomy":"product_cat","embeddable":true,"href":"https:\/\/segtotaltreinamentos.com.br\/Loja\/wp-json\/wp\/v2\/product_cat?post=5169"},{"taxonomy":"product_tag","embeddable":true,"href":"https:\/\/segtotaltreinamentos.com.br\/Loja\/wp-json\/wp\/v2\/product_tag?post=5169"}],"curies":[{"name":"wp","href":"https:\/\/api.w.org\/{rel}","templated":true}]}}