{"id":5186,"date":"2019-01-12T13:43:21","date_gmt":"2019-01-12T13:43:21","guid":{"rendered":"http:\/\/segtotaltreinamentos.com.br\/Loja\/?post_type=product&#038;p=5186"},"modified":"2019-01-12T17:45:22","modified_gmt":"2019-01-12T17:45:22","slug":"talabarte-duplo-com-absorvedor-de-energia-tby01","status":"publish","type":"product","link":"https:\/\/segtotaltreinamentos.com.br\/Loja\/produto\/talabarte-duplo-com-absorvedor-de-energia-tby01\/","title":{"rendered":"Talabarte Duplo com Absorvedor de Energia &#8211; TBY01"},"content":{"rendered":"<p><a href=\"https:\/\/segtotaltreinamentos.com.br\/Loja\/wp-content\/uploads\/2019\/01\/manual-conector-mgo-cmg01-a-pdf_1490116573.pdf\">manual-conector-mgo-cmg01-a-pdf_1490116573<\/a><\/p>\n<p><a href=\"https:\/\/segtotaltreinamentos.com.br\/Loja\/wp-content\/uploads\/2019\/01\/manual-talabarte-tby01-abs-pdf_1490280253.pdf\">manual-talabarte-tby01-abs-pdf_1490280253<\/a><\/p>\n","protected":false},"excerpt":{"rendered":"<div>Talabarte Duplo com Absorvedor de Energia &#8211;\u00a0TBY01<\/div>\n<div>Feito em material flexivel e resistente, este talabarte de\u00a0prote\u00e7\u00e3o contra queda\u00a0tem 1,15 metros de comprimento e j\u00e1 vem com dois conectores MGO instalados nas extremidades e um conector de seguran\u00e7a em a\u00e7o para engate.<\/div>\n<div>Ideal para ser utilizado em trabalho em altura, montagem de torres e andaime, alem de deslocamentos em linhas de vida horizontal e vertical.<\/div>\n<p>&nbsp;<\/p>\n<p><strong>CA: 36677 \/ 36678<\/strong><\/p>\n<p>Comprimento: 115 cm<\/p>\n<p>Carga Ruptura: 25 kN<\/p>\n<p>Peso: 1511 g<\/p>\n<p>C\u00f3digo:\u00a0TBY01<\/p>\n","protected":false},"featured_media":5187,"comment_status":"open","ping_status":"closed","template":"","meta":[],"product_brand":[],"product_cat":[138,143,32],"product_tag":[],"class_list":{"0":"post-5186","1":"product","2":"type-product","3":"status-publish","4":"has-post-thumbnail","6":"product_cat-stec","7":"product_cat-talabartes","8":"product_cat-trabalho-em-altura","10":"first","11":"onbackorder","12":"taxable","13":"shipping-taxable","14":"purchasable","15":"product-type-simple"},"_links":{"self":[{"href":"https:\/\/segtotaltreinamentos.com.br\/Loja\/wp-json\/wp\/v2\/product\/5186","targetHints":{"allow":["GET"]}}],"collection":[{"href":"https:\/\/segtotaltreinamentos.com.br\/Loja\/wp-json\/wp\/v2\/product"}],"about":[{"href":"https:\/\/segtotaltreinamentos.com.br\/Loja\/wp-json\/wp\/v2\/types\/product"}],"replies":[{"embeddable":true,"href":"https:\/\/segtotaltreinamentos.com.br\/Loja\/wp-json\/wp\/v2\/comments?post=5186"}],"wp:featuredmedia":[{"embeddable":true,"href":"https:\/\/segtotaltreinamentos.com.br\/Loja\/wp-json\/wp\/v2\/media\/5187"}],"wp:attachment":[{"href":"https:\/\/segtotaltreinamentos.com.br\/Loja\/wp-json\/wp\/v2\/media?parent=5186"}],"wp:term":[{"taxonomy":"product_brand","embeddable":true,"href":"https:\/\/segtotaltreinamentos.com.br\/Loja\/wp-json\/wp\/v2\/product_brand?post=5186"},{"taxonomy":"product_cat","embeddable":true,"href":"https:\/\/segtotaltreinamentos.com.br\/Loja\/wp-json\/wp\/v2\/product_cat?post=5186"},{"taxonomy":"product_tag","embeddable":true,"href":"https:\/\/segtotaltreinamentos.com.br\/Loja\/wp-json\/wp\/v2\/product_tag?post=5186"}],"curies":[{"name":"wp","href":"https:\/\/api.w.org\/{rel}","templated":true}]}}