{"id":5320,"date":"2019-02-20T14:26:09","date_gmt":"2019-02-20T14:26:09","guid":{"rendered":"http:\/\/segtotaltreinamentos.com.br\/Loja\/?post_type=product&#038;p=5320"},"modified":"2019-02-20T14:27:18","modified_gmt":"2019-02-20T14:27:18","slug":"avental-polietileno-cx-com-100","status":"publish","type":"product","link":"https:\/\/segtotaltreinamentos.com.br\/Loja\/produto\/avental-polietileno-cx-com-100\/","title":{"rendered":"Avental Polietileno cx com 100"},"content":{"rendered":"<p>Caixa com 100 unidades.<\/p>\n","protected":false},"excerpt":{"rendered":"<p>Descri\u00e7\u00e3o<br \/>\nAvental confeccionado em polietileno<\/p>\n<p>Especifica\u00e7\u00f5es<\/p>\n<p>Comprimento: 1,20mt<br \/>\nTamanhos: \u00danico<br \/>\nUso: Descart\u00e1vel<br \/>\nEmbalagem: Pacote com 100 unid, Caixa com 10 pacotes.<\/p>\n<p>Aplica\u00e7\u00f5es<br \/>\nAtividades onde seja necess\u00e1rio prote\u00e7\u00e3o do produto como em processamento de carnes in natura, massas, chocolates, castanha e outros alimentos. An\u00e1lise de qualidade, tratamento est\u00e9tico entre outros.<\/p>\n<p>Potenciais clientes<br \/>\nInd\u00fastria aliment\u00edcia, restaurantes e food service, \u00f3tica, cl\u00ednicas de est\u00e9tica e beleza, ind\u00fastria gr\u00e1fica e outros.<\/p>\n","protected":false},"featured_media":5321,"comment_status":"open","ping_status":"closed","template":"","meta":[],"product_brand":[],"product_cat":[10,86],"product_tag":[],"class_list":{"0":"post-5320","1":"product","2":"type-product","3":"status-publish","4":"has-post-thumbnail","6":"product_cat-avental","7":"product_cat-volk","9":"first","10":"onbackorder","11":"taxable","12":"shipping-taxable","13":"purchasable","14":"product-type-simple"},"_links":{"self":[{"href":"https:\/\/segtotaltreinamentos.com.br\/Loja\/wp-json\/wp\/v2\/product\/5320","targetHints":{"allow":["GET"]}}],"collection":[{"href":"https:\/\/segtotaltreinamentos.com.br\/Loja\/wp-json\/wp\/v2\/product"}],"about":[{"href":"https:\/\/segtotaltreinamentos.com.br\/Loja\/wp-json\/wp\/v2\/types\/product"}],"replies":[{"embeddable":true,"href":"https:\/\/segtotaltreinamentos.com.br\/Loja\/wp-json\/wp\/v2\/comments?post=5320"}],"wp:featuredmedia":[{"embeddable":true,"href":"https:\/\/segtotaltreinamentos.com.br\/Loja\/wp-json\/wp\/v2\/media\/5321"}],"wp:attachment":[{"href":"https:\/\/segtotaltreinamentos.com.br\/Loja\/wp-json\/wp\/v2\/media?parent=5320"}],"wp:term":[{"taxonomy":"product_brand","embeddable":true,"href":"https:\/\/segtotaltreinamentos.com.br\/Loja\/wp-json\/wp\/v2\/product_brand?post=5320"},{"taxonomy":"product_cat","embeddable":true,"href":"https:\/\/segtotaltreinamentos.com.br\/Loja\/wp-json\/wp\/v2\/product_cat?post=5320"},{"taxonomy":"product_tag","embeddable":true,"href":"https:\/\/segtotaltreinamentos.com.br\/Loja\/wp-json\/wp\/v2\/product_tag?post=5320"}],"curies":[{"name":"wp","href":"https:\/\/api.w.org\/{rel}","templated":true}]}}