{"id":5477,"date":"2019-04-06T15:27:34","date_gmt":"2019-04-06T15:27:34","guid":{"rendered":"http:\/\/segtotaltreinamentos.com.br\/Loja\/?post_type=product&#038;p=5477"},"modified":"2019-11-16T14:09:37","modified_gmt":"2019-11-16T14:09:37","slug":"placa-de-ancoragem-stec-multi-7-pld04","status":"publish","type":"product","link":"https:\/\/segtotaltreinamentos.com.br\/Loja\/produto\/placa-de-ancoragem-stec-multi-7-pld04\/","title":{"rendered":"Placa de Ancoragem Stec Multi 7 &#8211; PLD04"},"content":{"rendered":"<p><a href=\"https:\/\/segtotaltreinamentos.com.br\/Loja\/wp-content\/uploads\/2019\/04\/Placa-de-Ancoragem-Stec-Multi-7-\u2013-PLD04.pdf\">Placa de Ancoragem Stec Multi 7 \u2013 PLD04<\/a><\/p>\n","protected":false},"excerpt":{"rendered":"<h6>PLD04<\/h6>\n<p>Placa Multiplicadora Stec de ancoragem com 7 furos, utilizada para ancoragens complexas e tamb\u00e9m em resgates, onde o ponto de ancoragem para sistemas de multiplica\u00e7\u00e3o exige a combina\u00e7\u00e3o de varios equipamentos.<\/p>\n<h4 class=\"tituloEspecs\">Especifica\u00e7\u00f5es<\/h4>\n<div>Material: Alum\u00ednio<\/div>\n<div><\/div>\n<div>Carga m\u00ednima de ruptura: 40kN<\/div>\n<div><\/div>\n<div>Peso: 231g<\/div>\n<div><\/div>\n<div>C\u00f3digo: PLD04<\/div>\n","protected":false},"featured_media":5478,"comment_status":"open","ping_status":"closed","template":"","meta":[],"product_brand":[],"product_cat":[150,138,32],"product_tag":[],"class_list":{"0":"post-5477","1":"product","2":"type-product","3":"status-publish","4":"has-post-thumbnail","6":"product_cat-placas","7":"product_cat-stec","8":"product_cat-trabalho-em-altura","10":"first","11":"onbackorder","12":"taxable","13":"shipping-taxable","14":"purchasable","15":"product-type-simple"},"_links":{"self":[{"href":"https:\/\/segtotaltreinamentos.com.br\/Loja\/wp-json\/wp\/v2\/product\/5477","targetHints":{"allow":["GET"]}}],"collection":[{"href":"https:\/\/segtotaltreinamentos.com.br\/Loja\/wp-json\/wp\/v2\/product"}],"about":[{"href":"https:\/\/segtotaltreinamentos.com.br\/Loja\/wp-json\/wp\/v2\/types\/product"}],"replies":[{"embeddable":true,"href":"https:\/\/segtotaltreinamentos.com.br\/Loja\/wp-json\/wp\/v2\/comments?post=5477"}],"wp:featuredmedia":[{"embeddable":true,"href":"https:\/\/segtotaltreinamentos.com.br\/Loja\/wp-json\/wp\/v2\/media\/5478"}],"wp:attachment":[{"href":"https:\/\/segtotaltreinamentos.com.br\/Loja\/wp-json\/wp\/v2\/media?parent=5477"}],"wp:term":[{"taxonomy":"product_brand","embeddable":true,"href":"https:\/\/segtotaltreinamentos.com.br\/Loja\/wp-json\/wp\/v2\/product_brand?post=5477"},{"taxonomy":"product_cat","embeddable":true,"href":"https:\/\/segtotaltreinamentos.com.br\/Loja\/wp-json\/wp\/v2\/product_cat?post=5477"},{"taxonomy":"product_tag","embeddable":true,"href":"https:\/\/segtotaltreinamentos.com.br\/Loja\/wp-json\/wp\/v2\/product_tag?post=5477"}],"curies":[{"name":"wp","href":"https:\/\/api.w.org\/{rel}","templated":true}]}}