{"id":827,"date":"2016-07-21T16:40:35","date_gmt":"2016-07-21T16:40:35","guid":{"rendered":"http:\/\/segtotaltreinamentos.com.br\/Loja\/?post_type=product&#038;p=827"},"modified":"2016-09-27T12:31:40","modified_gmt":"2016-09-27T12:31:40","slug":"luva-maxiblack-ambidestra","status":"publish","type":"product","link":"https:\/\/segtotaltreinamentos.com.br\/Loja\/produto\/luva-maxiblack-ambidestra\/","title":{"rendered":"Luva Maxiblack Ambidestra"},"content":{"rendered":"<p><a href=\"https:\/\/segtotaltreinamentos.com.br\/Loja\/wp-content\/uploads\/2016\/07\/FT-LUVA-DANNY-MAXIBLACK-CA20975-DA2050.pdf\">FT-LUVA-DANNY-MAXIBLACK-CA20975-DA2050<\/a><\/p>\n","protected":false},"excerpt":{"rendered":"<div id=\"corpo-desc-prod\"><b>Descri\u00e7\u00e3o<\/b><br \/>\nLuva de l\u00e1tex preta. Punho com acabamento em virola.<\/div>\n<div><\/div>\n<div id=\"corpo-van-prod\">\n<div id=\"txt-van-prod\">\n<p><b>Vantagens\u00a0<\/b><\/p>\n<p>A luva MAXIBLACK \u00e9 fabricada 100% em borracha natural L\u00e1tex, na cor preta. Por ser mais espessa que as luvas descart\u00e1veis, possui excelente resist\u00eancia a abras\u00e3o e rasgos, permitindo inclusive que seja higienizada e reutilizada principalmente para a manipula\u00e7\u00e3o de tinturas em sal\u00f5es de beleza. Possui resist\u00eancia qu\u00edmica contra detergentes, sab\u00f5es, amon\u00edaco e similares, alco\u00f3is, \u00e9teres, cetonas e \u00e1cidos org\u00e2nicos. A colora\u00e7\u00e3o preta evita a apar\u00eancia de manchas que normalmente ocorrem quando se manipula tinturas, o que possibilita usar o mesmo par de luvas v\u00e1rias vezes.<\/p>\n<\/div>\n<\/div>\n","protected":false},"featured_media":635,"comment_status":"open","ping_status":"closed","template":"","meta":[],"product_brand":[],"product_cat":[39,6,7,9],"product_tag":[],"class_list":{"0":"post-827","1":"product","2":"type-product","3":"status-publish","4":"has-post-thumbnail","6":"product_cat-danny","7":"product_cat-luvas","8":"product_cat-luvas-anticorte","9":"product_cat-luvas-quimico","11":"first","12":"onbackorder","13":"taxable","14":"shipping-taxable","15":"product-type-simple"},"_links":{"self":[{"href":"https:\/\/segtotaltreinamentos.com.br\/Loja\/wp-json\/wp\/v2\/product\/827","targetHints":{"allow":["GET"]}}],"collection":[{"href":"https:\/\/segtotaltreinamentos.com.br\/Loja\/wp-json\/wp\/v2\/product"}],"about":[{"href":"https:\/\/segtotaltreinamentos.com.br\/Loja\/wp-json\/wp\/v2\/types\/product"}],"replies":[{"embeddable":true,"href":"https:\/\/segtotaltreinamentos.com.br\/Loja\/wp-json\/wp\/v2\/comments?post=827"}],"wp:featuredmedia":[{"embeddable":true,"href":"https:\/\/segtotaltreinamentos.com.br\/Loja\/wp-json\/wp\/v2\/media\/635"}],"wp:attachment":[{"href":"https:\/\/segtotaltreinamentos.com.br\/Loja\/wp-json\/wp\/v2\/media?parent=827"}],"wp:term":[{"taxonomy":"product_brand","embeddable":true,"href":"https:\/\/segtotaltreinamentos.com.br\/Loja\/wp-json\/wp\/v2\/product_brand?post=827"},{"taxonomy":"product_cat","embeddable":true,"href":"https:\/\/segtotaltreinamentos.com.br\/Loja\/wp-json\/wp\/v2\/product_cat?post=827"},{"taxonomy":"product_tag","embeddable":true,"href":"https:\/\/segtotaltreinamentos.com.br\/Loja\/wp-json\/wp\/v2\/product_tag?post=827"}],"curies":[{"name":"wp","href":"https:\/\/api.w.org\/{rel}","templated":true}]}}